CRAN Package Check Results for Package argonDash

Last updated on 2022-01-26 23:50:10 CET.

Flavor Version Tinstall Tcheck Ttotal Status Flags
r-devel-linux-x86_64-debian-clang 0.2.0 2.82 32.20 35.02 NOTE
r-devel-linux-x86_64-debian-gcc 0.2.0 2.39 25.58 27.97 NOTE
r-devel-linux-x86_64-fedora-clang 0.2.0 43.31 NOTE
r-devel-linux-x86_64-fedora-gcc 0.2.0 33.21 NOTE
r-devel-windows-x86_64-new-UL 0.2.0 117.00 58.00 175.00 NOTE
r-devel-windows-x86_64-new-TK 0.2.0 NOTE
r-patched-linux-x86_64 0.2.0 7.55 30.98 38.53 NOTE
r-release-linux-x86_64 0.2.0 2.51 31.02 33.53 NOTE
r-release-macos-arm64 0.2.0 NOTE
r-release-macos-x86_64 0.2.0 NOTE
r-release-windows-ix86+x86_64 0.2.0 7.00 42.00 49.00 NOTE
r-oldrel-macos-x86_64 0.2.0 OK
r-oldrel-windows-ix86+x86_64 0.2.0 7.00 40.00 47.00 OK

Check Details

Version: 0.2.0
Check: LazyData
Result: NOTE
     'LazyData' is specified without a 'data' directory
Flavors: r-devel-linux-x86_64-debian-clang, r-devel-linux-x86_64-debian-gcc, r-devel-linux-x86_64-fedora-clang, r-devel-linux-x86_64-fedora-gcc, r-devel-windows-x86_64-new-UL, r-devel-windows-x86_64-new-TK, r-patched-linux-x86_64, r-release-linux-x86_64, r-release-macos-arm64, r-release-macos-x86_64, r-release-windows-ix86+x86_64