CRAN Package Check Results for Package argonR

Last updated on 2022-01-22 11:50:52 CET.

Flavor Version Tinstall Tcheck Ttotal Status Flags
r-devel-linux-x86_64-debian-clang 0.2.0 4.24 38.90 43.14 NOTE
r-devel-linux-x86_64-debian-gcc 0.2.0 3.25 29.82 33.07 NOTE
r-devel-linux-x86_64-fedora-clang 0.2.0 52.38 NOTE
r-devel-linux-x86_64-fedora-gcc 0.2.0 41.32 NOTE
r-devel-windows-x86_64-new-UL 0.2.0 251.00 74.00 325.00 NOTE
r-devel-windows-x86_64-new-TK 0.2.0 NOTE
r-patched-linux-x86_64 0.2.0 4.43 36.77 41.20 NOTE
r-release-linux-x86_64 0.2.0 3.23 36.48 39.71 NOTE
r-release-macos-arm64 0.2.0 NOTE
r-release-macos-x86_64 0.2.0 NOTE
r-release-windows-ix86+x86_64 0.2.0 8.00 47.00 55.00 NOTE
r-oldrel-macos-x86_64 0.2.0 OK
r-oldrel-windows-ix86+x86_64 0.2.0 8.00 48.00 56.00 OK

Check Details

Version: 0.2.0
Check: LazyData
Result: NOTE
     'LazyData' is specified without a 'data' directory
Flavors: r-devel-linux-x86_64-debian-clang, r-devel-linux-x86_64-debian-gcc, r-devel-linux-x86_64-fedora-clang, r-devel-linux-x86_64-fedora-gcc, r-devel-windows-x86_64-new-UL, r-devel-windows-x86_64-new-TK, r-patched-linux-x86_64, r-release-linux-x86_64, r-release-macos-arm64, r-release-macos-x86_64, r-release-windows-ix86+x86_64