Last updated on 2024-04-23 23:55:52 CEST.
Flavor | Version | Tinstall | Tcheck | Ttotal | Status | Flags |
---|---|---|---|---|---|---|
r-devel-linux-x86_64-debian-clang | 0.2.0 | 4.90 | 35.10 | 40.00 | NOTE | |
r-devel-linux-x86_64-debian-gcc | 0.2.0 | 3.42 | 26.55 | 29.97 | NOTE | |
r-devel-linux-x86_64-fedora-clang | 0.2.0 | 50.36 | NOTE | |||
r-devel-linux-x86_64-fedora-gcc | 0.2.0 | 61.05 | NOTE | |||
r-prerel-macos-arm64 | 0.2.0 | 25.00 | NOTE | |||
r-prerel-windows-x86_64 | 0.2.0 | 6.00 | 56.00 | 62.00 | NOTE | |
r-patched-linux-x86_64 | 0.2.0 | 4.42 | 33.27 | 37.69 | NOTE | |
r-release-linux-x86_64 | 0.2.0 | 3.05 | 32.60 | 35.65 | NOTE | |
r-release-macos-arm64 | 0.2.0 | 27.00 | NOTE | |||
r-release-macos-x86_64 | 0.2.0 | 37.00 | NOTE | |||
r-release-windows-x86_64 | 0.2.0 | 7.00 | 59.00 | 66.00 | NOTE | |
r-oldrel-macos-arm64 | 0.2.0 | 23.00 | NOTE | |||
r-oldrel-windows-x86_64 | 0.2.0 | 6.00 | 53.00 | 59.00 | NOTE |
Version: 0.2.0
Check: LazyData
Result: NOTE
'LazyData' is specified without a 'data' directory
Flavors: r-devel-linux-x86_64-debian-clang, r-devel-linux-x86_64-debian-gcc, r-devel-linux-x86_64-fedora-clang, r-devel-linux-x86_64-fedora-gcc, r-prerel-macos-arm64, r-prerel-windows-x86_64, r-patched-linux-x86_64, r-release-linux-x86_64, r-release-macos-arm64, r-release-macos-x86_64, r-release-windows-x86_64, r-oldrel-macos-arm64, r-oldrel-windows-x86_64