CRAN Package Check Results for Package arkdb

Last updated on 2024-06-13 18:49:41 CEST.

Flavor Version Tinstall Tcheck Ttotal Status Flags
r-devel-linux-x86_64-debian-clang 0.0.18 3.22 237.78 241.00 OK
r-devel-linux-x86_64-debian-gcc 0.0.18 2.78 33.39 36.17 ERROR
r-devel-linux-x86_64-fedora-clang 0.0.18 306.80 OK
r-devel-linux-x86_64-fedora-gcc 0.0.18 358.45 OK
r-devel-windows-x86_64 0.0.18 4.00 237.00 241.00 OK
r-patched-linux-x86_64 0.0.18 3.40 234.14 237.54 OK
r-release-linux-x86_64 0.0.18 3.54 224.43 227.97 OK
r-release-macos-arm64 0.0.18 103.00 ERROR
r-release-macos-x86_64 0.0.18 205.00 NOTE
r-release-windows-x86_64 0.0.18 4.00 241.00 245.00 OK
r-oldrel-macos-arm64 0.0.18 117.00 OK
r-oldrel-macos-x86_64 0.0.18 363.00 OK
r-oldrel-windows-x86_64 0.0.18 4.00 284.00 288.00 OK

Check Details

Version: 0.0.18
Check: package dependencies
Result: NOTE Packages suggested but not available for checking: 'arrow', 'progress', 'readr', 'dplyr', 'dbplyr', 'nycflights13', 'testthat', 'RSQLite', 'vroom' Flavor: r-devel-linux-x86_64-debian-gcc

Version: 0.0.18
Check: tests
Result: ERROR Running ‘spelling.R’ [0s/1s] Running ‘testthat.R’ [0s/1s] Running the tests in ‘tests/testthat.R’ failed. Complete output: > library(testthat) Error in library(testthat) : there is no package called 'testthat' Execution halted Flavor: r-devel-linux-x86_64-debian-gcc

Version: 0.0.18
Check: re-building of vignette outputs
Result: ERROR Error(s) in re-building vignettes: ... --- re-building ‘arkdb.Rmd’ using rmarkdown Quitting from lines 45-52 [unnamed-chunk-1] (arkdb.Rmd) Error: processing vignette 'arkdb.Rmd' failed with diagnostics: there is no package called 'dbplyr' --- failed re-building ‘arkdb.Rmd’ SUMMARY: processing the following file failed: ‘arkdb.Rmd’ Error: Vignette re-building failed. Execution halted Flavor: r-devel-linux-x86_64-debian-gcc

Version: 0.0.18
Check: tests
Result: ERROR Running ‘spelling.R’ [0s/0s] Running ‘testthat.R’ [44s/42s] Running the tests in ‘tests/testthat.R’ failed. Last 13 lines of output: 6. └─arkdb::ark(...) 7. └─arkdb:::ark_file(...) 8. └─arkdb:::keep_open(...) 9. └─streamable_table$write(data, con, omit_header = TRUE, filename = counter) 10. └─arrow::write_parquet(x, sink = path, ...) 11. ├─ParquetFileWriter$create(...) 12. │ └─arrow:::parquet___arrow___ParquetFileWriter__Open(...) 13. └─ParquetWriterProperties$create(...) 14. └─arrow:::parquet___WriterProperties___Builder__create() [ FAIL 3 | WARN 8 | SKIP 8 | PASS 36 ] Error: Test failures In addition: Warning message: Connection is garbage-collected, use dbDisconnect() to avoid this. Execution halted Flavor: r-release-macos-arm64

Version: 0.0.18
Check: package dependencies
Result: NOTE Package suggested but not available for checking: ‘arrow’ Flavor: r-release-macos-x86_64

Version: 0.0.18
Check: Rd cross-references
Result: NOTE Package unavailable to check Rd xrefs: ‘arrow’ Flavor: r-release-macos-x86_64