Last updated on 2023-02-08 11:54:16 CET.
Flavor | Version | Tinstall | Tcheck | Ttotal | Status | Flags |
---|---|---|---|---|---|---|
r-devel-linux-x86_64-debian-clang | 3.2.1 | 64.18 | 356.60 | 420.78 | OK | |
r-devel-linux-x86_64-debian-gcc | 3.2.1 | 45.71 | 258.24 | 303.95 | OK | |
r-devel-linux-x86_64-fedora-clang | 3.2.1 | 514.31 | NOTE | |||
r-devel-linux-x86_64-fedora-gcc | 3.2.1 | 495.39 | OK | |||
r-devel-windows-x86_64 | 3.2.1 | 2074.00 | 443.00 | 2517.00 | NOTE | |
r-patched-linux-x86_64 | 3.2.1 | 65.31 | 320.11 | 385.42 | OK | |
r-release-linux-x86_64 | 3.2.1 | 57.02 | 316.20 | 373.22 | OK | |
r-release-macos-arm64 | 3.2.1 | 110.00 | NOTE | |||
r-release-macos-x86_64 | 3.2.1 | 140.00 | NOTE | |||
r-release-windows-x86_64 | 3.2.1 | 1074.00 | 402.00 | 1476.00 | NOTE | |
r-oldrel-macos-arm64 | 3.2.1 | 101.00 | NOTE | |||
r-oldrel-macos-x86_64 | 3.2.1 | 147.00 | NOTE | |||
r-oldrel-windows-ix86+x86_64 | 3.2.1 | 99.00 | 323.00 | 422.00 | NOTE |
Version: 3.2.1
Check: installed package size
Result: NOTE
installed size is 5.8Mb
sub-directories of 1Mb or more:
R 2.3Mb
help 1.1Mb
testScripts 1.3Mb
Flavors: r-devel-linux-x86_64-fedora-clang, r-devel-windows-x86_64, r-release-macos-arm64, r-release-macos-x86_64, r-release-windows-x86_64, r-oldrel-macos-arm64, r-oldrel-macos-x86_64, r-oldrel-windows-ix86+x86_64
Version: 3.2.1
Check: package dependencies
Result: NOTE
Packages suggested but not available for checking:
'affxparser', 'oligo', 'oligoClasses', 'pdInfoBuilder',
'AffymetrixDataTestFiles'
Flavor: r-release-macos-arm64
Version: 3.2.1
Check: Rd cross-references
Result: NOTE
Packages unavailable to check Rd xrefs: ‘affxparser’, ‘oligo’, ‘oligoClasses’
Flavor: r-release-macos-arm64