Last updated on 2023-03-30 05:49:02 CEST.
Flavor | Version | Tinstall | Tcheck | Ttotal | Status | Flags |
---|---|---|---|---|---|---|
r-devel-linux-x86_64-debian-clang | 0.6.1 | 2.62 | 37.70 | 40.32 | OK | |
r-devel-linux-x86_64-debian-gcc | 0.6.1 | 2.94 | 29.84 | 32.78 | OK | |
r-devel-linux-x86_64-fedora-clang | 0.6.1 | 52.86 | OK | |||
r-devel-linux-x86_64-fedora-gcc | 0.6.1 | 50.35 | OK | |||
r-devel-windows-x86_64 | 0.6.1 | 24.00 | 0.00 | 24.00 | OK | |
r-patched-linux-x86_64 | 0.6.1 | 4.62 | 36.78 | 41.40 | OK | |
r-release-linux-x86_64 | 0.6.1 | 2.92 | 39.46 | 42.38 | OK | |
r-release-macos-arm64 | 0.6.1 | 25.00 | NOTE | |||
r-release-macos-x86_64 | 0.6.1 | 31.00 | OK | |||
r-release-windows-x86_64 | 0.6.1 | 22.00 | 207.00 | 229.00 | OK | |
r-oldrel-macos-arm64 | 0.6.1 | 19.00 | OK | |||
r-oldrel-macos-x86_64 | 0.6.1 | 28.00 | OK | |||
r-oldrel-windows-ix86+x86_64 | 0.6.1 | 9.00 | 66.00 | 75.00 | OK |
Version: 0.6.1
Check: package dependencies
Result: NOTE
Package suggested but not available for checking: ‘affxparser’
Flavor: r-release-macos-arm64
Version: 0.6.1
Check: Rd cross-references
Result: NOTE
Package unavailable to check Rd xrefs: ‘affxparser’
Flavor: r-release-macos-arm64