Last updated on 2024-04-23 17:49:25 CEST.
Flavor | Version | Tinstall | Tcheck | Ttotal | Status | Flags |
---|---|---|---|---|---|---|
r-devel-linux-x86_64-debian-clang | 2.2 | 37.46 | 29.94 | 67.40 | NOTE | |
r-devel-linux-x86_64-debian-gcc | 2.2 | 32.07 | 22.56 | 54.63 | NOTE | |
r-devel-linux-x86_64-fedora-clang | 2.2 | 97.41 | NOTE | |||
r-devel-linux-x86_64-fedora-gcc | 2.2 | 97.28 | NOTE | |||
r-prerel-macos-arm64 | 2.2 | 26.00 | NOTE | |||
r-prerel-windows-x86_64 | 2.2 | 30.00 | 61.00 | 91.00 | NOTE | |
r-patched-linux-x86_64 | 2.2 | 38.31 | 28.03 | 66.34 | NOTE | |
r-release-linux-x86_64 | 2.2 | 37.18 | 29.40 | 66.58 | NOTE | |
r-release-macos-arm64 | 2.2 | 29.00 | NOTE | |||
r-release-macos-x86_64 | 2.2 | 46.00 | NOTE | |||
r-release-windows-x86_64 | 2.2 | 40.00 | 69.00 | 109.00 | NOTE | |
r-oldrel-macos-arm64 | 2.2 | 28.00 | OK | |||
r-oldrel-windows-x86_64 | 2.2 | 39.00 | 70.00 | 109.00 | OK |
Version: 2.2
Check: C++ specification
Result: NOTE
Specified C++11: please drop specification unless essential
Flavors: r-devel-linux-x86_64-debian-clang, r-devel-linux-x86_64-debian-gcc, r-devel-linux-x86_64-fedora-clang, r-devel-linux-x86_64-fedora-gcc, r-prerel-macos-arm64, r-prerel-windows-x86_64, r-patched-linux-x86_64, r-release-linux-x86_64, r-release-macos-arm64, r-release-macos-x86_64, r-release-windows-x86_64