CRAN Package Check Results for Package arrApply

Last updated on 2025-01-17 11:49:43 CET.

Flavor Version Tinstall Tcheck Ttotal Status Flags
r-devel-linux-x86_64-debian-clang 2.2 23.29 23.66 46.95 NOTE
r-devel-linux-x86_64-debian-gcc 2.2 19.98 18.19 38.17 NOTE
r-devel-linux-x86_64-fedora-clang 2.2 89.35 NOTE
r-devel-linux-x86_64-fedora-gcc 2.2 93.54 NOTE
r-devel-windows-x86_64 2.2 27.00 67.00 94.00 NOTE
r-patched-linux-x86_64 2.2 24.26 22.67 46.93 NOTE
r-release-linux-x86_64 2.2 23.93 22.28 46.21 NOTE
r-release-macos-arm64 2.2 26.00 NOTE
r-release-macos-x86_64 2.2 37.00 NOTE
r-release-windows-x86_64 2.2 27.00 64.00 91.00 NOTE
r-oldrel-macos-arm64 2.2 29.00 NOTE
r-oldrel-macos-x86_64 2.2 46.00 NOTE
r-oldrel-windows-x86_64 2.2 32.00 70.00 102.00 NOTE

Check Details

Version: 2.2
Check: C++ specification
Result: NOTE Specified C++11: please drop specification unless essential Flavors: r-devel-linux-x86_64-debian-clang, r-devel-linux-x86_64-debian-gcc, r-devel-linux-x86_64-fedora-clang, r-devel-linux-x86_64-fedora-gcc, r-devel-windows-x86_64, r-patched-linux-x86_64, r-release-linux-x86_64, r-release-macos-arm64, r-release-macos-x86_64, r-release-windows-x86_64, r-oldrel-macos-arm64, r-oldrel-macos-x86_64, r-oldrel-windows-x86_64