CRAN Package Check Results for Package arrayhelpers

Last updated on 2023-05-30 17:56:30 CEST.

Flavor Version Tinstall Tcheck Ttotal Status Flags
r-devel-linux-x86_64-debian-clang 1.1-0 3.25 31.82 35.07 NOTE
r-devel-linux-x86_64-debian-gcc 1.1-0 2.60 25.19 27.79 NOTE
r-devel-linux-x86_64-fedora-clang 1.1-0 45.28 NOTE
r-devel-linux-x86_64-fedora-gcc 1.1-0 48.68 NOTE
r-devel-windows-x86_64 1.1-0 4.00 56.00 60.00 NOTE
r-patched-linux-x86_64 1.1-0 2.68 30.88 33.56 NOTE
r-release-linux-x86_64 1.1-0 3.17 31.50 34.67 NOTE
r-release-macos-arm64 1.1-0 19.00 NOTE
r-release-macos-x86_64 1.1-0 26.00 NOTE
r-release-windows-x86_64 1.1-0 5.00 54.00 59.00 NOTE
r-oldrel-macos-arm64 1.1-0 19.00 NOTE
r-oldrel-macos-x86_64 1.1-0 26.00 NOTE
r-oldrel-windows-x86_64 1.1-0 5.00 57.00 62.00 NOTE

Check Details

Version: 1.1-0
Check: LazyData
Result: NOTE
     'LazyData' is specified without a 'data' directory
Flavors: r-devel-linux-x86_64-debian-clang, r-devel-linux-x86_64-debian-gcc, r-devel-linux-x86_64-fedora-clang, r-devel-linux-x86_64-fedora-gcc, r-devel-windows-x86_64, r-patched-linux-x86_64, r-release-linux-x86_64, r-release-macos-arm64, r-release-macos-x86_64, r-release-windows-x86_64, r-oldrel-macos-arm64, r-oldrel-macos-x86_64, r-oldrel-windows-x86_64