Last updated on 2023-03-29 23:56:36 CEST.
Flavor | Version | Tinstall | Tcheck | Ttotal | Status | Flags |
---|---|---|---|---|---|---|
r-devel-linux-x86_64-debian-clang | 11.0.0.3 | 3758.71 | 306.15 | 4064.86 | OK | |
r-devel-linux-x86_64-debian-gcc | 11.0.0.3 | 3328.17 | 234.67 | 3562.84 | OK | |
r-devel-linux-x86_64-fedora-clang | 11.0.0.3 | 5523.13 | NOTE | |||
r-devel-linux-x86_64-fedora-gcc | 11.0.0.3 | 5816.38 | OK | |||
r-devel-windows-x86_64 | 11.0.0.3 | 1137.00 | 702.00 | 1839.00 | NOTE | |
r-patched-linux-x86_64 | 11.0.0.3 | 3552.52 | 329.90 | 3882.42 | OK | |
r-release-linux-x86_64 | 11.0.0.3 | 2728.37 | 336.58 | 3064.95 | OK | |
r-release-macos-arm64 | 11.0.0.3 | 267.00 | NOTE | |||
r-release-macos-x86_64 | 11.0.0.3 | 353.00 | NOTE | |||
r-release-windows-x86_64 | 11.0.0.3 | 936.00 | 699.00 | 1635.00 | NOTE | |
r-oldrel-macos-arm64 | 11.0.0.3 | 241.00 | NOTE | |||
r-oldrel-macos-x86_64 | 11.0.0.3 | 362.00 | NOTE | |||
r-oldrel-windows-ix86+x86_64 | 11.0.0.3 | 1026.00 | 894.00 | 1920.00 | WARN |
Version: 11.0.0.3
Check: installed package size
Result: NOTE
installed size is 43.8Mb
sub-directories of 1Mb or more:
R 4.2Mb
libs 39.0Mb
Flavors: r-devel-linux-x86_64-fedora-clang, r-devel-windows-x86_64, r-release-macos-arm64, r-release-macos-x86_64, r-release-windows-x86_64, r-oldrel-macos-arm64, r-oldrel-macos-x86_64, r-oldrel-windows-ix86+x86_64
Version: 11.0.0.3
Check: Rd cross-references
Result: NOTE
Undeclared package ‘readr’ in Rd xrefs
Flavor: r-devel-linux-x86_64-fedora-clang
Version: 11.0.0.3
Check: for unstated dependencies in ‘tests’
Result: WARN
Warning: unable to access index for repository https://bioconductor.org/packages/3.14/bioc/src/contrib:
cannot open URL 'https://bioconductor.org/packages/3.14/bioc/src/contrib/PACKAGES'
Warning: unable to access index for repository https://bioconductor.org/packages/3.14/data/annotation/src/contrib:
cannot open URL 'https://bioconductor.org/packages/3.14/data/annotation/src/contrib/PACKAGES'
Warning: unable to access index for repository https://bioconductor.org/packages/3.14/data/experiment/src/contrib:
cannot open URL 'https://bioconductor.org/packages/3.14/data/experiment/src/contrib/PACKAGES'
Flavor: r-oldrel-windows-ix86+x86_64