Last updated on 2023-10-05 01:01:38 CEST.
Flavor | Version | Tinstall | Tcheck | Ttotal | Status | Flags |
---|---|---|---|---|---|---|
r-devel-linux-x86_64-debian-clang | 0.2-30 | 36.95 | 175.38 | 212.33 | OK | |
r-devel-linux-x86_64-debian-gcc | 0.2-30 | 27.79 | 129.21 | 157.00 | OK | |
r-devel-linux-x86_64-fedora-clang | 0.2-30 | 277.81 | OK | |||
r-devel-linux-x86_64-fedora-gcc | 0.2-30 | 265.96 | OK | |||
r-devel-windows-x86_64 | 0.2-30 | 41.00 | 152.00 | 193.00 | NOTE | |
r-patched-linux-x86_64 | 0.2-30 | 43.38 | 168.66 | 212.04 | OK | |
r-release-linux-x86_64 | 0.2-30 | 43.39 | 170.28 | 213.67 | OK | |
r-release-macos-arm64 | 0.2-30 | 78.00 | OK | |||
r-release-macos-x86_64 | 0.2-30 | 207.00 | OK | |||
r-release-windows-x86_64 | 0.2-30 | 52.00 | 182.00 | 234.00 | NOTE | |
r-oldrel-macos-arm64 | 0.2-30 | 85.00 | OK | |||
r-oldrel-macos-x86_64 | 0.2-30 | 106.00 | OK | |||
r-oldrel-windows-x86_64 | 0.2-30 | 50.00 | 190.00 | 240.00 | NOTE |
Version: 0.2-30
Check: installed package size
Result: NOTE
installed size is 14.3Mb
sub-directories of 1Mb or more:
bin 11.3Mb
misc 2.1Mb
Flavors: r-devel-windows-x86_64, r-release-windows-x86_64, r-oldrel-windows-x86_64