Last updated on 2023-05-28 01:53:51 CEST.
Flavor | Version | Tinstall | Tcheck | Ttotal | Status | Flags |
---|---|---|---|---|---|---|
r-devel-linux-x86_64-debian-clang | 2.3.0 | 8.03 | 48.08 | 56.11 | OK | |
r-devel-linux-x86_64-debian-gcc | 2.3.0 | 6.53 | 36.84 | 43.37 | OK | |
r-devel-linux-x86_64-fedora-clang | 2.3.0 | 72.84 | OK | |||
r-devel-linux-x86_64-fedora-gcc | 2.3.0 | 76.47 | OK | |||
r-devel-windows-x86_64 | 2.3.0 | 18.00 | 58.00 | 76.00 | WARN | |
r-patched-linux-x86_64 | 2.3.0 | 7.59 | 46.92 | 54.51 | OK | |
r-release-linux-x86_64 | 2.3.0 | 7.08 | 45.45 | 52.53 | OK | |
r-release-macos-arm64 | 2.3.0 | 26.00 | OK | |||
r-release-macos-x86_64 | 2.3.0 | 39.00 | OK | |||
r-release-windows-x86_64 | 2.3.0 | 20.00 | 66.00 | 86.00 | WARN | |
r-oldrel-macos-arm64 | 2.3.0 | 25.00 | OK | |||
r-oldrel-macos-x86_64 | 2.3.0 | 34.00 | OK | |||
r-oldrel-windows-x86_64 | 2.3.0 | 11.00 | 71.00 | 82.00 | OK |
Version: 2.3.0
Check: whether package can be installed
Result: WARN
Found the following significant warnings:
rwin.c:28:8: warning: function declaration isn't a prototype [-Wstrict-prototypes]
rwin.c:251:6: warning: function declaration isn't a prototype [-Wstrict-prototypes]
rwin.c:283:6: warning: function declaration isn't a prototype [-Wstrict-prototypes]
rwin.c:291:1: warning: function declaration isn't a prototype [-Wstrict-prototypes]
See 'd:/Rcompile/CRANpkg/local/4.4/asciicast.Rcheck/00install.out' for details.
* used C compiler: 'gcc.exe (GCC) 12.2.0'
Flavor: r-devel-windows-x86_64
Version: 2.3.0
Check: whether package can be installed
Result: WARN
Found the following significant warnings:
rwin.c:28:8: warning: function declaration isn't a prototype [-Wstrict-prototypes]
rwin.c:251:6: warning: function declaration isn't a prototype [-Wstrict-prototypes]
rwin.c:283:6: warning: function declaration isn't a prototype [-Wstrict-prototypes]
rwin.c:291:1: warning: function declaration isn't a prototype [-Wstrict-prototypes]
See 'd:/Rcompile/CRANpkg/local/4.3/asciicast.Rcheck/00install.out' for details.
* used C compiler: 'gcc.exe (GCC) 12.2.0'
Flavor: r-release-windows-x86_64