CRAN Package Check Results for Package assert

Last updated on 2024-05-26 06:01:50 CEST.

Flavor Version Tinstall Tcheck Ttotal Status Flags
r-devel-linux-x86_64-debian-clang 1.0.1 1.92 20.21 22.13 NOTE
r-devel-linux-x86_64-debian-gcc 1.0.1 1.38 15.74 17.12 NOTE
r-devel-linux-x86_64-fedora-clang 1.0.1 29.11 NOTE
r-devel-linux-x86_64-fedora-gcc 1.0.1 26.15 NOTE
r-devel-windows-x86_64 1.0.1 3.00 35.00 38.00 NOTE
r-patched-linux-x86_64 1.0.1 1.58 20.01 21.59 NOTE
r-release-linux-x86_64 1.0.1 1.30 19.89 21.19 NOTE
r-release-macos-arm64 1.0.1 12.00 NOTE
r-release-windows-x86_64 1.0.1 3.00 34.00 37.00 NOTE
r-oldrel-macos-arm64 1.0.1 15.00 NOTE
r-oldrel-macos-x86_64 1.0.1 19.00 NOTE
r-oldrel-windows-x86_64 1.0.1 4.00 39.00 43.00 NOTE

Check Details

Version: 1.0.1
Check: LazyData
Result: NOTE 'LazyData' is specified without a 'data' directory Flavors: r-devel-linux-x86_64-debian-clang, r-devel-linux-x86_64-debian-gcc, r-devel-linux-x86_64-fedora-clang, r-devel-linux-x86_64-fedora-gcc, r-devel-windows-x86_64, r-patched-linux-x86_64, r-release-linux-x86_64, r-release-macos-arm64, r-release-windows-x86_64, r-oldrel-macos-arm64, r-oldrel-macos-x86_64, r-oldrel-windows-x86_64