CRAN Package Check Results for Package assertable

Last updated on 2024-06-18 11:54:40 CEST.

Flavor Version Tinstall Tcheck Ttotal Status Flags
r-devel-linux-x86_64-debian-clang 0.2.8 2.56 40.79 43.35 NOTE
r-devel-linux-x86_64-debian-gcc 0.2.8 2.35 31.38 33.73 NOTE
r-devel-linux-x86_64-fedora-clang 0.2.8 57.42 NOTE
r-devel-linux-x86_64-fedora-gcc 0.2.8 67.13 NOTE
r-devel-windows-x86_64 0.2.8 3.00 62.00 65.00 NOTE
r-patched-linux-x86_64 0.2.8 2.40 40.09 42.49 NOTE
r-release-linux-x86_64 0.2.8 2.32 38.61 40.93 NOTE
r-release-macos-arm64 0.2.8 34.00 NOTE
r-release-macos-x86_64 0.2.8 50.00 NOTE
r-release-windows-x86_64 0.2.8 3.00 62.00 65.00 NOTE
r-oldrel-macos-arm64 0.2.8 37.00 NOTE
r-oldrel-macos-x86_64 0.2.8 47.00 NOTE
r-oldrel-windows-x86_64 0.2.8 3.00 146.00 149.00 NOTE

Check Details

Version: 0.2.8
Check: LazyData
Result: NOTE 'LazyData' is specified without a 'data' directory Flavors: r-devel-linux-x86_64-debian-clang, r-devel-linux-x86_64-debian-gcc, r-devel-linux-x86_64-fedora-clang, r-devel-linux-x86_64-fedora-gcc, r-devel-windows-x86_64, r-patched-linux-x86_64, r-release-linux-x86_64, r-release-macos-arm64, r-release-macos-x86_64, r-release-windows-x86_64, r-oldrel-macos-arm64, r-oldrel-macos-x86_64, r-oldrel-windows-x86_64