CRAN Package Check Results for Package assertive.datetimes

Last updated on 2021-07-27 11:50:49 CEST.

Flavor Version Tinstall Tcheck Ttotal Status Flags
r-devel-linux-x86_64-debian-clang 0.0-3 2.23 25.03 27.26 NOTE
r-devel-linux-x86_64-debian-gcc 0.0-3 1.58 19.98 21.56 NOTE
r-devel-linux-x86_64-fedora-clang 0.0-3 42.74 NOTE
r-devel-linux-x86_64-fedora-gcc 0.0-3 32.53 NOTE
r-devel-windows-x86_64 0.0-3 5.00 40.00 45.00 NOTE
r-devel-windows-x86_64-gcc10-UCRT 0.0-3 NOTE
r-patched-linux-x86_64 0.0-3 2.21 24.40 26.61 NOTE
r-patched-solaris-x86 0.0-3 52.90 NOTE
r-release-linux-x86_64 0.0-3 2.01 24.51 26.52 NOTE
r-release-macos-arm64 0.0-3 NOTE
r-release-macos-x86_64 0.0-3 NOTE
r-release-windows-ix86+x86_64 0.0-3 5.00 32.00 37.00 NOTE
r-oldrel-macos-x86_64 0.0-3 OK
r-oldrel-windows-ix86+x86_64 0.0-3 6.00 41.00 47.00 OK

Check Details

Version: 0.0-3
Check: LazyData
Result: NOTE
     'LazyData' is specified without a 'data' directory
Flavors: r-devel-linux-x86_64-debian-clang, r-devel-linux-x86_64-debian-gcc, r-devel-linux-x86_64-fedora-clang, r-devel-linux-x86_64-fedora-gcc, r-devel-windows-x86_64, r-devel-windows-x86_64-gcc10-UCRT, r-patched-linux-x86_64, r-patched-solaris-x86, r-release-linux-x86_64, r-release-macos-arm64, r-release-macos-x86_64, r-release-windows-ix86+x86_64