CRAN Package Check Results for Package assertive

Last updated on 2021-06-16 11:54:11 CEST.

Flavor Version Tinstall Tcheck Ttotal Status Flags
r-devel-linux-x86_64-debian-clang 0.3-6 3.82 40.40 44.22 NOTE
r-devel-linux-x86_64-debian-gcc 0.3-6 3.40 31.77 35.17 NOTE
r-devel-linux-x86_64-fedora-clang 0.3-6 62.67 NOTE
r-devel-linux-x86_64-fedora-gcc 0.3-6 57.07 NOTE
r-devel-windows-x86_64 0.3-6 8.00 60.00 68.00 NOTE
r-devel-windows-x86_64-gcc10-UCRT 0.3-6 NOTE
r-patched-linux-x86_64 0.3-6 5.35 38.89 44.24 NOTE
r-patched-solaris-x86 0.3-6 84.90 NOTE
r-release-linux-x86_64 0.3-6 4.10 38.66 42.76 NOTE
r-release-macos-arm64 0.3-6 NOTE
r-release-macos-x86_64 0.3-6 NOTE
r-release-windows-ix86+x86_64 0.3-6 10.00 59.00 69.00 NOTE
r-oldrel-macos-x86_64 0.3-6 OK
r-oldrel-windows-ix86+x86_64 0.3-6 26.00 66.00 92.00 OK

Check Details

Version: 0.3-6
Check: LazyData
Result: NOTE
     'LazyData' is specified without a 'data' directory
Flavors: r-devel-linux-x86_64-debian-clang, r-devel-linux-x86_64-debian-gcc, r-devel-linux-x86_64-fedora-clang, r-devel-linux-x86_64-fedora-gcc, r-devel-windows-x86_64, r-devel-windows-x86_64-gcc10-UCRT, r-patched-linux-x86_64, r-patched-solaris-x86, r-release-linux-x86_64, r-release-macos-arm64, r-release-macos-x86_64, r-release-windows-ix86+x86_64