Last updated on 2025-01-17 17:48:18 CET.
Flavor | Version | Tinstall | Tcheck | Ttotal | Status | Flags |
---|---|---|---|---|---|---|
r-devel-linux-x86_64-debian-clang | 0.9.8.1 | 36.94 | 211.11 | 248.05 | NOTE | |
r-devel-linux-x86_64-debian-gcc | 0.9.8.1 | 24.94 | 132.86 | 157.80 | NOTE | |
r-devel-linux-x86_64-fedora-clang | 0.9.8.1 | 415.34 | NOTE | |||
r-devel-linux-x86_64-fedora-gcc | 0.9.8.1 | 382.22 | NOTE | |||
r-devel-windows-x86_64 | 0.9.8.1 | 37.00 | 183.00 | 220.00 | NOTE | |
r-patched-linux-x86_64 | 0.9.8.1 | 31.59 | 194.71 | 226.30 | NOTE | |
r-release-linux-x86_64 | 0.9.8.1 | 36.64 | 193.56 | 230.20 | NOTE | |
r-release-macos-arm64 | 0.9.8.1 | 87.00 | NOTE | |||
r-release-macos-x86_64 | 0.9.8.1 | 142.00 | NOTE | |||
r-release-windows-x86_64 | 0.9.8.1 | 37.00 | 185.00 | 222.00 | NOTE | |
r-oldrel-macos-arm64 | 0.9.8.1 | 87.00 | OK | |||
r-oldrel-macos-x86_64 | 0.9.8.1 | 221.00 | OK | |||
r-oldrel-windows-x86_64 | 0.9.8.1 | 46.00 | 244.00 | 290.00 | OK |
Version: 0.9.8.1
Check: Rd files
Result: NOTE
checkRd: (-1) ataCoKriging.Rd:52: Lost braces; missing escapes or markup?
52 | only one contrained condition for all points and all variables, \\sum_{i=1}^n\\lambda_i +\\sum_{j=1}^m\\beta_j =1, assuming expected means of variables known and constant with the study area.
| ^
checkRd: (-1) ataCoKriging.Rd:52: Lost braces; missing escapes or markup?
52 | only one contrained condition for all points and all variables, \\sum_{i=1}^n\\lambda_i +\\sum_{j=1}^m\\beta_j =1, assuming expected means of variables known and constant with the study area.
| ^
Flavors: r-devel-linux-x86_64-debian-clang, r-devel-linux-x86_64-debian-gcc, r-devel-linux-x86_64-fedora-clang, r-devel-linux-x86_64-fedora-gcc, r-devel-windows-x86_64, r-patched-linux-x86_64, r-release-linux-x86_64, r-release-macos-arm64, r-release-macos-x86_64, r-release-windows-x86_64