CRAN Package Check Results for Package atlas

Last updated on 2019-10-23 23:51:27 CEST.

Flavor Version Tinstall Tcheck Ttotal Status Flags
r-devel-linux-x86_64-debian-clang 1.0.0 1.80 17.42 19.22 OK
r-devel-linux-x86_64-debian-gcc 1.0.0 1.57 14.13 15.70 OK
r-devel-linux-x86_64-fedora-clang 1.0.0 24.02 NOTE
r-devel-linux-x86_64-fedora-gcc 1.0.0 23.34 NOTE
r-devel-windows-ix86+x86_64 1.0.0 6.00 33.00 39.00 OK
r-patched-linux-x86_64 1.0.0 1.60 17.61 19.21 OK
r-patched-solaris-x86 1.0.0 37.40 NOTE
r-release-linux-x86_64 1.0.0 1.62 17.23 18.85 OK
r-release-windows-ix86+x86_64 1.0.0 8.00 33.00 41.00 OK
r-release-osx-x86_64 1.0.0 NOTE
r-oldrel-windows-ix86+x86_64 1.0.0 5.00 36.00 41.00 OK
r-oldrel-osx-x86_64 1.0.0 NOTE

Check Details

Version: 1.0.0
Check: dependencies in R code
Result: NOTE
    Namespace in Imports field not imported from: ‘testthat’
     All declared Imports should be used.
Flavors: r-devel-linux-x86_64-fedora-clang, r-devel-linux-x86_64-fedora-gcc, r-patched-solaris-x86, r-release-osx-x86_64, r-oldrel-osx-x86_64