CRAN Package Check Results for Package attempt

Last updated on 2024-04-25 07:59:46 CEST.

Flavor Version Tinstall Tcheck Ttotal Status Flags
r-devel-linux-x86_64-debian-clang 0.3.1 2.96 46.51 49.47 NOTE
r-devel-linux-x86_64-debian-gcc 0.3.1 2.04 35.36 37.40 NOTE
r-devel-linux-x86_64-fedora-clang 0.3.1 62.98 NOTE
r-devel-linux-x86_64-fedora-gcc 0.3.1 72.98 NOTE
r-devel-windows-x86_64 0.3.1 3.00 58.00 61.00 NOTE
r-patched-linux-x86_64 0.3.1 3.15 44.91 48.06 NOTE
r-release-linux-x86_64 0.3.1 2.60 43.86 46.46 NOTE
r-release-macos-arm64 0.3.1 32.00 NOTE
r-release-windows-x86_64 0.3.1 4.00 57.00 61.00 NOTE
r-oldrel-macos-arm64 0.3.1 33.00 NOTE
r-oldrel-macos-x86_64 0.3.1 45.00 NOTE
r-oldrel-windows-x86_64 0.3.1 5.00 62.00 67.00 NOTE

Check Details

Version: 0.3.1
Check: LazyData
Result: NOTE 'LazyData' is specified without a 'data' directory Flavors: r-devel-linux-x86_64-debian-clang, r-devel-linux-x86_64-debian-gcc, r-devel-linux-x86_64-fedora-clang, r-devel-linux-x86_64-fedora-gcc, r-devel-windows-x86_64, r-patched-linux-x86_64, r-release-linux-x86_64, r-release-macos-arm64, r-release-windows-x86_64, r-oldrel-macos-arm64, r-oldrel-macos-x86_64, r-oldrel-windows-x86_64