Last updated on 2023-09-28 05:56:41 CEST.
Flavor | Version | Tinstall | Tcheck | Ttotal | Status | Flags |
---|---|---|---|---|---|---|
r-devel-linux-x86_64-debian-clang | 1.3.3 | 11.60 | 259.33 | 270.93 | OK | |
r-devel-linux-x86_64-debian-gcc | 1.3.3 | 8.38 | 194.11 | 202.49 | OK | |
r-devel-linux-x86_64-fedora-clang | 1.3.3 | 324.19 | NOTE | |||
r-devel-linux-x86_64-fedora-gcc | 1.3.3 | 348.70 | OK | |||
r-devel-windows-x86_64 | 1.3.3 | 12.00 | 255.00 | 267.00 | OK | |
r-patched-linux-x86_64 | 1.3.3 | 13.40 | 248.20 | 261.60 | OK | |
r-release-linux-x86_64 | 1.3.3 | 6.87 | 236.51 | 243.38 | OK | |
r-release-macos-arm64 | 1.3.3 | 120.00 | OK | |||
r-release-macos-x86_64 | 1.3.3 | 201.00 | OK | |||
r-release-windows-x86_64 | 1.3.3 | 15.00 | 319.00 | 334.00 | OK | |
r-oldrel-macos-arm64 | 1.3.3 | 98.00 | OK | |||
r-oldrel-macos-x86_64 | 1.3.3 | 164.00 | OK | |||
r-oldrel-windows-x86_64 | 1.3.3 | 16.00 | 309.00 | 325.00 | OK |
Version: 1.3.3
Check: Rd cross-references
Result: NOTE
Undeclared package ‘gtable’ in Rd xrefs
Flavor: r-devel-linux-x86_64-fedora-clang