CRAN Package Check Results for Package auditor

Last updated on 2022-09-30 07:51:10 CEST.

Flavor Version Tinstall Tcheck Ttotal Status Flags
r-devel-linux-x86_64-debian-clang 1.3.3 10.41 244.13 254.54 OK
r-devel-linux-x86_64-debian-gcc 1.3.3 8.17 181.06 189.23 OK
r-devel-linux-x86_64-fedora-clang 1.3.3 318.84 NOTE
r-devel-linux-x86_64-fedora-gcc 1.3.3 321.27 OK
r-devel-windows-x86_64 1.3.3 62.00 342.00 404.00 OK
r-patched-linux-x86_64 1.3.3 9.87 230.29 240.16 OK
r-release-linux-x86_64 1.3.3 7.11 221.94 229.05 OK
r-release-macos-arm64 1.3.3 98.00 OK
r-release-macos-x86_64 1.3.3 164.00 OK
r-release-windows-x86_64 1.3.3 68.00 350.00 418.00 OK
r-oldrel-macos-arm64 1.3.3 156.00 OK
r-oldrel-macos-x86_64 1.3.3 131.00 OK
r-oldrel-windows-ix86+x86_64 1.3.3 23.00 319.00 342.00 OK

Check Details

Version: 1.3.3
Check: Rd cross-references
Result: NOTE
    Undeclared package ‘gtable’ in Rd xrefs
Flavor: r-devel-linux-x86_64-fedora-clang