CRAN Package Check Results for Package aurelius

Last updated on 2019-07-16 05:48:04 CEST.

Flavor Version Tinstall Tcheck Ttotal Status Flags
r-devel-linux-x86_64-debian-clang 0.8.4 9.82 85.95 95.77 OK
r-devel-linux-x86_64-debian-gcc 0.8.4 8.17 71.76 79.93 OK
r-devel-linux-x86_64-fedora-clang 0.8.4 116.21 OK
r-devel-linux-x86_64-fedora-gcc 0.8.4 116.03 OK
r-devel-windows-ix86+x86_64 0.8.4 30.00 159.00 189.00 NOTE
r-patched-linux-x86_64 0.8.4 11.34 87.59 98.93 OK
r-patched-solaris-x86 0.8.4 180.80 OK
r-release-linux-x86_64 0.8.4 10.58 88.95 99.53 OK
r-release-windows-ix86+x86_64 0.8.4 20.00 152.00 172.00 NOTE
r-release-osx-x86_64 0.8.4 OK
r-oldrel-windows-ix86+x86_64 0.8.4 19.00 105.00 124.00 NOTE
r-oldrel-osx-x86_64 0.8.4 OK

Check Details

Version: 0.8.4
Check: package dependencies
Result: NOTE
    Package which this enhances but not available for checking: 'rPython'
Flavors: r-devel-windows-ix86+x86_64, r-release-windows-ix86+x86_64, r-oldrel-windows-ix86+x86_64