CRAN Package Check Results for Package aurelius

Last updated on 2019-04-19 17:49:46 CEST.

Flavor Version Tinstall Tcheck Ttotal Status Flags
r-devel-linux-x86_64-debian-clang 0.8.4 9.50 87.45 96.95 OK
r-devel-linux-x86_64-debian-gcc 0.8.4 8.10 71.51 79.61 OK
r-devel-linux-x86_64-fedora-clang 0.8.4 129.85 OK
r-devel-linux-x86_64-fedora-gcc 0.8.4 125.83 OK
r-devel-windows-ix86+x86_64 0.8.4 24.00 158.00 182.00 NOTE
r-patched-linux-x86_64 0.8.4 9.99 87.30 97.29 OK
r-patched-solaris-x86 0.8.4 183.10 OK
r-release-linux-x86_64 0.8.4 7.45 83.88 91.33 OK
r-release-windows-ix86+x86_64 0.8.4 14.00 103.00 117.00 NOTE
r-release-osx-x86_64 0.8.4 OK
r-oldrel-windows-ix86+x86_64 0.8.4 10.00 141.00 151.00 NOTE
r-oldrel-osx-x86_64 0.8.4 OK

Check Details

Version: 0.8.4
Check: package dependencies
Result: NOTE
    Package which this enhances but not available for checking: 'rPython'
Flavors: r-devel-windows-ix86+x86_64, r-release-windows-ix86+x86_64, r-oldrel-windows-ix86+x86_64