CRAN Package Check Results for Package autoBagging

Last updated on 2019-03-25 05:49:21 CET.

Flavor Version Tinstall Tcheck Ttotal Status Flags
r-devel-linux-x86_64-debian-clang 0.1.0 10.29 78.32 88.61 OK
r-devel-linux-x86_64-debian-gcc 0.1.0 9.14 64.97 74.11 OK
r-devel-linux-x86_64-fedora-clang 0.1.0 108.86 NOTE
r-devel-linux-x86_64-fedora-gcc 0.1.0 100.66 NOTE
r-devel-windows-ix86+x86_64 0.1.0 34.00 101.00 135.00 OK
r-patched-linux-x86_64 0.1.0 7.74 74.27 82.01 OK
r-patched-solaris-x86 0.1.0 3.50 ERROR
r-release-linux-x86_64 0.1.0 9.31 74.02 83.33 OK
r-release-windows-ix86+x86_64 0.1.0 19.00 94.00 113.00 OK
r-release-osx-x86_64 0.1.0 NOTE
r-oldrel-windows-ix86+x86_64 0.1.0 14.00 103.00 117.00 OK
r-oldrel-osx-x86_64 0.1.0 NOTE

Check Details

Version: 0.1.0
Check: dependencies in R code
Result: NOTE
    Namespace in Imports field not imported from: ‘abind’
     All declared Imports should be used.
Flavors: r-devel-linux-x86_64-fedora-clang, r-devel-linux-x86_64-fedora-gcc, r-release-osx-x86_64, r-oldrel-osx-x86_64

Version: 0.1.0
Check: package dependencies
Result: ERROR
    Package required but not available: ‘xgboost’
    
    See section ‘The DESCRIPTION file’ in the ‘Writing R Extensions’
    manual.
Flavor: r-patched-solaris-x86