CRAN Package Check Results for Package autoBagging

Last updated on 2019-05-19 17:57:22 CEST.

Flavor Version Tinstall Tcheck Ttotal Status Flags
r-devel-linux-x86_64-debian-clang 0.1.0 12.03 78.34 90.37 OK
r-devel-linux-x86_64-debian-gcc 0.1.0 10.14 65.07 75.21 OK
r-devel-linux-x86_64-fedora-clang 0.1.0 103.79 NOTE
r-devel-linux-x86_64-fedora-gcc 0.1.0 114.92 NOTE
r-devel-windows-ix86+x86_64 0.1.0 38.00 127.00 165.00 OK
r-patched-linux-x86_64 0.1.0 11.19 75.74 86.93 OK
r-patched-solaris-x86 0.1.0 3.90 ERROR
r-release-linux-x86_64 0.1.0 10.16 76.11 86.27 OK
r-release-windows-ix86+x86_64 0.1.0 35.00 129.00 164.00 OK
r-release-osx-x86_64 0.1.0 NOTE
r-oldrel-windows-ix86+x86_64 0.1.0 28.00 124.00 152.00 OK
r-oldrel-osx-x86_64 0.1.0 NOTE

Check Details

Version: 0.1.0
Check: dependencies in R code
Result: NOTE
    Namespace in Imports field not imported from: ‘abind’
     All declared Imports should be used.
Flavors: r-devel-linux-x86_64-fedora-clang, r-devel-linux-x86_64-fedora-gcc, r-release-osx-x86_64, r-oldrel-osx-x86_64

Version: 0.1.0
Check: package dependencies
Result: ERROR
    Package required but not available: ‘xgboost’
    
    See section ‘The DESCRIPTION file’ in the ‘Writing R Extensions’
    manual.
Flavor: r-patched-solaris-x86