CRAN Package Check Results for Package autoFRK

Last updated on 2021-01-17 17:47:25 CET.

Flavor Version Tinstall Tcheck Ttotal Status Flags
r-devel-linux-x86_64-debian-clang 1.3.3 67.89 106.57 174.46 OK
r-devel-linux-x86_64-debian-gcc 1.3.3 47.98 82.71 130.69 OK
r-devel-linux-x86_64-fedora-clang 1.3.3 230.96 NOTE
r-devel-linux-x86_64-fedora-gcc 1.3.3 215.32 OK
r-devel-windows-ix86+x86_64 1.3.3 105.00 161.00 266.00 OK
r-patched-linux-x86_64 1.3.3 53.96 98.83 152.79 OK
r-patched-solaris-x86 1.3.3 252.00 OK
r-release-linux-x86_64 1.3.3 56.11 100.51 156.62 OK
r-release-macos-x86_64 1.3.3 NOTE
r-release-windows-ix86+x86_64 1.3.3 117.00 138.00 255.00 OK
r-oldrel-macos-x86_64 1.3.3 NOTE
r-oldrel-windows-ix86+x86_64 1.3.3 125.00 131.00 256.00 OK

Check Details

Version: 1.3.3
Check: installed package size
Result: NOTE
     installed size is 16.7Mb
     sub-directories of 1Mb or more:
     libs 16.4Mb
Flavors: r-devel-linux-x86_64-fedora-clang, r-release-macos-x86_64, r-oldrel-macos-x86_64