Last updated on 2024-04-17 17:56:16 CEST.
Flavor | Version | Tinstall | Tcheck | Ttotal | Status | Flags |
---|---|---|---|---|---|---|
r-devel-linux-x86_64-debian-clang | 0.0.6 | 3.01 | 37.70 | 40.71 | NOTE | |
r-devel-linux-x86_64-debian-gcc | 0.0.6 | 2.89 | 28.59 | 31.48 | NOTE | |
r-devel-linux-x86_64-fedora-clang | 0.0.6 | 53.55 | NOTE | |||
r-devel-linux-x86_64-fedora-gcc | 0.0.6 | 62.34 | NOTE | |||
r-prerel-macos-arm64 | 0.0.6 | 32.00 | NOTE | |||
r-prerel-windows-x86_64 | 0.0.6 | 4.00 | 56.00 | 60.00 | NOTE | |
r-patched-linux-x86_64 | 0.0.6 | 3.89 | 35.44 | 39.33 | NOTE | |
r-release-linux-x86_64 | 0.0.6 | 3.28 | 35.09 | 38.37 | OK | |
r-release-macos-arm64 | 0.0.6 | 34.00 | OK | |||
r-release-macos-x86_64 | 0.0.6 | 60.00 | OK | |||
r-release-windows-x86_64 | 0.0.6 | 6.00 | 58.00 | 64.00 | OK | |
r-oldrel-macos-arm64 | 0.0.6 | 28.00 | OK | |||
r-oldrel-windows-x86_64 | 0.0.6 | 5.00 | 61.00 | 66.00 | OK |
Version: 0.0.6
Check: Rd files
Result: NOTE
checkRd: (-1) autonewsmd.Rd:197: Lost braces
197 | Defaults to `"^v(\\d+\\.){2}\\d+(\\.\\d+)?$"` to identify patterns of
| ^
Flavors: r-devel-linux-x86_64-debian-clang, r-devel-linux-x86_64-debian-gcc, r-devel-linux-x86_64-fedora-clang, r-devel-linux-x86_64-fedora-gcc, r-prerel-macos-arm64, r-prerel-windows-x86_64, r-patched-linux-x86_64