Last updated on 2023-06-04 17:54:26 CEST.
Flavor | Version | Tinstall | Tcheck | Ttotal | Status | Flags |
---|---|---|---|---|---|---|
r-devel-linux-x86_64-debian-clang | 0.4.0 | 4.21 | 102.31 | 106.52 | OK | |
r-devel-linux-x86_64-debian-gcc | 0.4.0 | 3.73 | 71.84 | 75.57 | OK | |
r-devel-linux-x86_64-fedora-clang | 0.4.0 | 124.92 | NOTE | |||
r-devel-linux-x86_64-fedora-gcc | 0.4.0 | 142.15 | OK | |||
r-devel-windows-x86_64 | 0.4.0 | 7.00 | 92.00 | 99.00 | OK | |
r-patched-linux-x86_64 | 0.4.0 | 5.73 | 88.46 | 94.19 | OK | |
r-release-linux-x86_64 | 0.4.0 | 4.90 | 89.71 | 94.61 | OK | |
r-release-macos-arm64 | 0.4.0 | 49.00 | OK | |||
r-release-macos-x86_64 | 0.4.0 | 74.00 | OK | |||
r-release-windows-x86_64 | 0.4.0 | 8.00 | 112.00 | 120.00 | OK | |
r-oldrel-macos-arm64 | 0.4.0 | 48.00 | OK | |||
r-oldrel-macos-x86_64 | 0.4.0 | 55.00 | OK | |||
r-oldrel-windows-x86_64 | 0.4.0 | 9.00 | 111.00 | 120.00 | OK |
Version: 0.4.0
Check: package dependencies
Result: NOTE
Imports includes 31 non-default packages.
Importing from so many packages makes the package vulnerable to any of
them becoming unavailable. Move as many as possible to Suggests and
use conditionally.
Flavor: r-devel-linux-x86_64-fedora-clang