Last updated on 2023-03-23 17:52:10 CET.
Flavor | Version | Tinstall | Tcheck | Ttotal | Status | Flags |
---|---|---|---|---|---|---|
r-devel-linux-x86_64-debian-clang | 0.4-3 | 14.12 | 79.24 | 93.36 | NOTE | |
r-devel-linux-x86_64-debian-gcc | 0.4-3 | 10.38 | 58.36 | 68.74 | NOTE | |
r-devel-linux-x86_64-fedora-clang | 0.4-3 | 118.38 | NOTE | |||
r-devel-linux-x86_64-fedora-gcc | 0.4-3 | 110.04 | NOTE | |||
r-devel-windows-x86_64 | 0.4-3 | 21.00 | 108.00 | 129.00 | NOTE | |
r-patched-linux-x86_64 | 0.4-3 | 15.24 | 72.19 | 87.43 | OK | |
r-release-linux-x86_64 | 0.4-3 | 14.97 | 72.99 | 87.96 | OK | |
r-release-macos-arm64 | 0.4-3 | 27.00 | OK | |||
r-release-macos-x86_64 | 0.4-3 | 42.00 | OK | |||
r-release-windows-x86_64 | 0.4-3 | 67.00 | 169.00 | 236.00 | OK | |
r-oldrel-macos-arm64 | 0.4-3 | 37.00 | OK | |||
r-oldrel-macos-x86_64 | 0.4-3 | 63.00 | OK | |||
r-oldrel-windows-ix86+x86_64 | 0.4-3 | 21.00 | 94.00 | 115.00 | OK |
Version: 0.4-3
Check: Rd \usage sections
Result: NOTE
S3 methods shown with full name in documentation object ‘subset.int’:
‘subset.int’
The \usage entries for S3 methods should use the \method markup and not
their full name.
See chapter ‘Writing R documentation files’ in the ‘Writing R
Extensions’ manual.
Flavors: r-devel-linux-x86_64-debian-clang, r-devel-linux-x86_64-debian-gcc, r-devel-linux-x86_64-fedora-clang, r-devel-linux-x86_64-fedora-gcc, r-devel-windows-x86_64