CRAN Package Check Results for Package baRcodeR

Last updated on 2024-06-13 11:48:03 CEST.

Flavor Version Tinstall Tcheck Ttotal Status Flags
r-devel-linux-x86_64-debian-clang 0.1.7 4.23 47.43 51.66 OK
r-devel-linux-x86_64-debian-gcc 0.1.7 2.35 28.54 30.89 ERROR
r-devel-linux-x86_64-fedora-clang 0.1.7 69.90 OK
r-devel-linux-x86_64-fedora-gcc 0.1.7 75.75 OK
r-devel-windows-x86_64 0.1.7 6.00 57.00 63.00 OK
r-patched-linux-x86_64 0.1.7 3.21 46.27 49.48 OK
r-release-linux-x86_64 0.1.7 3.27 46.71 49.98 OK
r-release-macos-arm64 0.1.7 32.00 OK
r-release-macos-x86_64 0.1.7 53.00 OK
r-release-windows-x86_64 0.1.7 6.00 54.00 60.00 OK
r-oldrel-macos-arm64 0.1.7 34.00 OK
r-oldrel-macos-x86_64 0.1.7 44.00 OK
r-oldrel-windows-x86_64 0.1.7 6.00 62.00 68.00 OK

Check Details

Version: 0.1.7
Check: package dependencies
Result: NOTE Packages suggested but not available for checking: 'shinytest', 'testthat' Flavor: r-devel-linux-x86_64-debian-gcc

Version: 0.1.7
Check: tests
Result: ERROR Running ‘testthat.R’ [0s/1s] Running the tests in ‘tests/testthat.R’ failed. Complete output: > library(testthat) Error in library(testthat) : there is no package called 'testthat' Execution halted Flavor: r-devel-linux-x86_64-debian-gcc