Last updated on 2023-09-25 23:13:35 CEST.
Flavor | Version | Tinstall | Tcheck | Ttotal | Status | Flags |
---|---|---|---|---|---|---|
r-devel-linux-x86_64-debian-clang | 0.1.1 | 56.50 | 305.30 | 361.80 | NOTE | |
r-devel-linux-x86_64-debian-gcc | 0.1.1 | 38.84 | 223.16 | 262.00 | NOTE | |
r-devel-linux-x86_64-fedora-clang | 0.1.1 | 435.28 | NOTE | |||
r-devel-linux-x86_64-fedora-gcc | 0.1.1 | 477.53 | NOTE | |||
r-devel-windows-x86_64 | 0.1.1 | 57.00 | 278.00 | 335.00 | NOTE | |
r-patched-linux-x86_64 | 0.1.1 | 54.37 | 293.89 | 348.26 | NOTE | |
r-release-linux-x86_64 | 0.1.1 | 45.91 | 289.19 | 335.10 | NOTE | |
r-release-macos-arm64 | 0.1.1 | 148.00 | NOTE | |||
r-release-macos-x86_64 | 0.1.1 | 178.00 | NOTE | |||
r-release-windows-x86_64 | 0.1.1 | 70.00 | 346.00 | 416.00 | NOTE | |
r-oldrel-macos-arm64 | 0.1.1 | 101.00 | NOTE | |||
r-oldrel-macos-x86_64 | 0.1.1 | 168.00 | NOTE | |||
r-oldrel-windows-x86_64 | 0.1.1 | 58.00 | 342.00 | 400.00 | NOTE |
Version: 0.1.1
Check: package dependencies
Result: NOTE
Package suggested but not available for checking: ‘lixoftConnectors’
Flavors: r-devel-linux-x86_64-debian-clang, r-devel-linux-x86_64-debian-gcc, r-devel-linux-x86_64-fedora-clang, r-devel-linux-x86_64-fedora-gcc, r-devel-windows-x86_64, r-patched-linux-x86_64, r-release-linux-x86_64, r-release-macos-arm64, r-release-macos-x86_64, r-release-windows-x86_64, r-oldrel-macos-arm64, r-oldrel-macos-x86_64, r-oldrel-windows-x86_64