CRAN Package Check Results for Package babynames

Last updated on 2023-12-11 12:52:04 CET.

Flavor Version Tinstall Tcheck Ttotal Status Flags
r-devel-linux-x86_64-debian-clang 1.0.1 46.17 49.95 96.12 OK
r-devel-linux-x86_64-debian-gcc 1.0.1 38.50 38.67 77.17 OK
r-devel-linux-x86_64-fedora-clang 1.0.1 122.17 NOTE
r-devel-linux-x86_64-fedora-gcc 1.0.1 117.74 OK
r-devel-windows-x86_64 1.0.1 42.00 51.00 93.00 NOTE
r-patched-linux-x86_64 1.0.1 40.27 48.64 88.91 OK
r-release-linux-x86_64 1.0.1 40.57 49.50 90.07 OK
r-release-macos-arm64 1.0.1 55.00 NOTE
r-release-macos-x86_64 1.0.1 78.00 NOTE
r-release-windows-x86_64 1.0.1 50.00 61.00 111.00 NOTE
r-oldrel-macos-arm64 1.0.1 53.00 NOTE
r-oldrel-macos-x86_64 1.0.1 61.00 NOTE
r-oldrel-windows-x86_64 1.0.1 49.00 73.00 122.00 NOTE

Check Details

Version: 1.0.1
Check: installed package size
Result: NOTE installed size is 5.4Mb sub-directories of 1Mb or more: data 5.3Mb Flavors: r-devel-linux-x86_64-fedora-clang, r-devel-windows-x86_64, r-release-macos-arm64, r-release-macos-x86_64, r-release-windows-x86_64, r-oldrel-macos-arm64, r-oldrel-macos-x86_64, r-oldrel-windows-x86_64