CRAN Package Check Results for Package backShift

Last updated on 2019-05-22 11:51:31 CEST.

Flavor Version Tinstall Tcheck Ttotal Status Flags
r-devel-linux-x86_64-debian-clang 0.1.4.2 5.87 104.84 110.71 OK
r-devel-linux-x86_64-debian-gcc 0.1.4.2 4.73 87.56 92.29 OK
r-devel-linux-x86_64-fedora-clang 0.1.4.2 106.40 OK
r-devel-linux-x86_64-fedora-gcc 0.1.4.2 99.55 OK
r-devel-windows-ix86+x86_64 0.1.4.2 15.00 185.00 200.00 OK
r-patched-linux-x86_64 0.1.4.2 5.74 95.66 101.40 OK
r-patched-solaris-x86 0.1.4.2 201.70 OK
r-release-linux-x86_64 0.1.4.2 5.63 103.15 108.78 OK
r-release-windows-ix86+x86_64 0.1.4.2 27.00 250.00 277.00 OK
r-release-osx-x86_64 0.1.4.2 NOTE
r-oldrel-windows-ix86+x86_64 0.1.4.2 10.00 185.00 195.00 OK
r-oldrel-osx-x86_64 0.1.4.2 OK

Check Details

Version: 0.1.4.2
Check: package dependencies
Result: NOTE
    Package suggested but not available for checking: ‘pcalg’
Flavor: r-release-osx-x86_64

Version: 0.1.4.2
Check: Rd cross-references
Result: NOTE
    Package unavailable to check Rd xrefs: ‘pcalg’
Flavor: r-release-osx-x86_64