CRAN Package Check Results for Package bahc

Last updated on 2021-07-31 23:50:12 CEST.

Flavor Version Tinstall Tcheck Ttotal Status Flags
r-devel-linux-x86_64-debian-clang 0.3.0 1.90 23.92 25.82 NOTE
r-devel-linux-x86_64-debian-gcc 0.3.0 1.60 18.75 20.35 NOTE
r-devel-linux-x86_64-fedora-clang 0.3.0 43.19 NOTE
r-devel-linux-x86_64-fedora-gcc 0.3.0 28.52 NOTE
r-devel-windows-x86_64 0.3.0 4.00 41.00 45.00 NOTE
r-devel-windows-x86_64-gcc10-UCRT 0.3.0 NOTE
r-patched-linux-x86_64 0.3.0 NOTE
r-patched-solaris-x86 0.3.0 48.10 NOTE
r-release-linux-x86_64 0.3.0 1.93 22.57 24.50 NOTE
r-release-macos-arm64 0.3.0 NOTE
r-release-macos-x86_64 0.3.0 NOTE
r-release-windows-ix86+x86_64 0.3.0 5.00 32.00 37.00 NOTE
r-oldrel-macos-x86_64 0.3.0 OK
r-oldrel-windows-ix86+x86_64 0.3.0 4.00 38.00 42.00 OK

Check Details

Version: 0.3.0
Check: LazyData
Result: NOTE
     'LazyData' is specified without a 'data' directory
Flavors: r-devel-linux-x86_64-debian-clang, r-devel-linux-x86_64-debian-gcc, r-devel-linux-x86_64-fedora-clang, r-devel-linux-x86_64-fedora-gcc, r-devel-windows-x86_64, r-devel-windows-x86_64-gcc10-UCRT, r-patched-linux-x86_64, r-patched-solaris-x86, r-release-linux-x86_64, r-release-macos-arm64, r-release-macos-x86_64, r-release-windows-ix86+x86_64