CRAN Package Check Results for Package baitmet

Last updated on 2020-10-28 23:47:08 CET.

Flavor Version Tinstall Tcheck Ttotal Status Flags
r-devel-linux-x86_64-debian-clang 1.0.1 11.65 92.73 104.38 NOTE
r-devel-linux-x86_64-debian-gcc 1.0.1 9.10 71.76 80.86 NOTE
r-devel-linux-x86_64-fedora-clang 1.0.1 137.10 NOTE
r-devel-linux-x86_64-fedora-gcc 1.0.1 123.73 NOTE
r-devel-windows-ix86+x86_64 1.0.1 24.00 109.00 133.00 NOTE
r-patched-linux-x86_64 1.0.1 11.62 87.22 98.84 NOTE
r-patched-solaris-x86 1.0.1 176.70 NOTE
r-release-linux-x86_64 1.0.1 10.80 87.87 98.67 NOTE
r-release-macos-x86_64 1.0.1 NOTE
r-release-windows-ix86+x86_64 1.0.1 20.00 88.00 108.00 NOTE
r-oldrel-macos-x86_64 1.0.1 NOTE
r-oldrel-windows-ix86+x86_64 1.0.1 23.00 108.00 131.00 NOTE

Check Details

Version: 1.0.1
Check: package dependencies
Result: NOTE
    Package suggested but not available for checking: 'mzR'
Flavors: r-devel-linux-x86_64-debian-clang, r-devel-linux-x86_64-fedora-clang, r-patched-solaris-x86, r-oldrel-macos-x86_64

Version: 1.0.1
Check: dependencies in R code
Result: NOTE
    Unexported objects imported by ':::' calls:
     'erah:::avoid.processing' 'erah:::convertMSPspectra'
     'erah:::convertMSPspectra.dot' 'erah:::getC.rq' 'erah:::getS.OSD'
     'erah:::load.file' 'erah:::pre.process' 'erah:::sparse.to.vector'
     See the note in ?`:::` about the use of this operator.
Flavors: r-devel-linux-x86_64-debian-clang, r-devel-linux-x86_64-debian-gcc, r-devel-linux-x86_64-fedora-clang, r-devel-linux-x86_64-fedora-gcc, r-devel-windows-ix86+x86_64, r-patched-linux-x86_64, r-patched-solaris-x86, r-release-linux-x86_64, r-release-macos-x86_64, r-release-windows-ix86+x86_64, r-oldrel-windows-ix86+x86_64