CRAN Package Check Results for Package bambooHR

Last updated on 2023-03-31 17:49:19 CEST.

Flavor Version Tinstall Tcheck Ttotal Status Flags
r-devel-linux-x86_64-debian-clang 0.1.0 3.36 35.85 39.21 OK
r-devel-linux-x86_64-debian-gcc 0.1.0 3.08 27.91 30.99 OK
r-devel-linux-x86_64-fedora-clang 0.1.0 50.39 NOTE
r-devel-linux-x86_64-fedora-gcc 0.1.0 47.79 NOTE
r-devel-windows-x86_64 0.1.0 28.00 0.00 28.00 OK
r-patched-linux-x86_64 0.1.0 4.05 34.48 38.53 OK
r-release-linux-x86_64 0.1.0 3.29 36.65 39.94 OK
r-release-macos-arm64 0.1.0 18.00 NOTE
r-release-macos-x86_64 0.1.0 37.00 NOTE
r-release-windows-x86_64 0.1.0 16.00 74.00 90.00 OK
r-oldrel-macos-arm64 0.1.0 19.00 NOTE
r-oldrel-macos-x86_64 0.1.0 26.00 NOTE
r-oldrel-windows-ix86+x86_64 0.1.0 9.00 63.00 72.00 NOTE

Check Details

Version: 0.1.0
Check: dependencies in R code
Result: NOTE
    Namespaces in Imports field not imported from:
     ‘fs’ ‘testthat’
     All declared Imports should be used.
Flavors: r-devel-linux-x86_64-fedora-clang, r-devel-linux-x86_64-fedora-gcc, r-release-macos-arm64, r-release-macos-x86_64, r-oldrel-macos-arm64, r-oldrel-macos-x86_64

Version: 0.1.0
Check: dependencies in R code
Result: NOTE
    Initiating curl with CURL_SSL_BACKEND: openssl
Flavor: r-oldrel-windows-ix86+x86_64