Last updated on 2023-06-09 11:57:17 CEST.
Flavor | Version | Tinstall | Tcheck | Ttotal | Status | Flags |
---|---|---|---|---|---|---|
r-devel-linux-x86_64-debian-clang | 0.4.3 | 70.20 | 544.24 | 614.44 | NOTE | |
r-devel-linux-x86_64-debian-gcc | 0.4.3 | 62.44 | 379.72 | 442.16 | NOTE | |
r-devel-linux-x86_64-fedora-clang | 0.4.3 | 781.96 | NOTE | |||
r-devel-linux-x86_64-fedora-gcc | 0.4.3 | 737.42 | NOTE | |||
r-devel-windows-x86_64 | 0.4.3 | 60.00 | 457.00 | 517.00 | NOTE | |
r-patched-linux-x86_64 | 0.4.3 | 71.75 | 489.44 | 561.19 | NOTE | |
r-release-linux-x86_64 | 0.4.3 | 63.90 | 479.98 | 543.88 | NOTE | |
r-release-macos-arm64 | 0.4.3 | 224.00 | NOTE | |||
r-release-macos-x86_64 | 0.4.3 | 422.00 | NOTE | |||
r-release-windows-x86_64 | 0.4.3 | 81.00 | 609.00 | 690.00 | NOTE | |
r-oldrel-macos-arm64 | 0.4.3 | 209.00 | OK | |||
r-oldrel-macos-x86_64 | 0.4.3 | 296.00 | OK | |||
r-oldrel-windows-x86_64 | 0.4.3 | 85.00 | 594.00 | 679.00 | OK |
Version: 0.4.3
Check: C++ specification
Result: NOTE
Specified C++11: please drop specification unless essential
Flavors: r-devel-linux-x86_64-debian-clang, r-devel-linux-x86_64-debian-gcc, r-devel-linux-x86_64-fedora-clang, r-devel-linux-x86_64-fedora-gcc, r-devel-windows-x86_64, r-patched-linux-x86_64, r-release-linux-x86_64, r-release-macos-arm64, r-release-macos-x86_64, r-release-windows-x86_64