Last updated on 2024-08-31 23:48:59 CEST.
Flavor | Version | Tinstall | Tcheck | Ttotal | Status | Flags |
---|---|---|---|---|---|---|
r-devel-linux-x86_64-debian-clang | 1.0-1 | 74.10 | 156.60 | 230.70 | OK | |
r-devel-linux-x86_64-debian-gcc | 1.0-1 | 54.87 | 135.69 | 190.56 | OK | |
r-devel-linux-x86_64-fedora-clang | 1.0-1 | 330.54 | OK | |||
r-devel-linux-x86_64-fedora-gcc | 1.0-1 | 327.70 | OK | |||
r-devel-windows-x86_64 | 1.0-1 | 78.00 | 106.00 | 184.00 | OK | |
r-patched-linux-x86_64 | 1.0-1 | 76.63 | 116.67 | 193.30 | OK | |
r-release-linux-x86_64 | 1.0-1 | 73.12 | 115.88 | 189.00 | OK | |
r-release-macos-arm64 | 1.0-1 | 100.00 | NOTE | |||
r-release-macos-x86_64 | 1.0-1 | 111.00 | NOTE | |||
r-release-windows-x86_64 | 1.0-1 | 80.00 | 110.00 | 190.00 | OK | |
r-oldrel-macos-arm64 | 1.0-1 | 106.00 | NOTE | |||
r-oldrel-macos-x86_64 | 1.0-1 | 169.00 | NOTE | |||
r-oldrel-windows-x86_64 | 1.0-1 | 94.00 | 128.00 | 222.00 | OK |
Version: 1.0-1
Check: installed package size
Result: NOTE
installed size is 5.2Mb
sub-directories of 1Mb or more:
libs 4.9Mb
Flavors: r-release-macos-arm64, r-release-macos-x86_64, r-oldrel-macos-arm64, r-oldrel-macos-x86_64