CRAN Package Check Results for Package bandsfdp

Last updated on 2024-05-27 05:52:08 CEST.

Flavor Version Tinstall Tcheck Ttotal Status Flags
r-devel-linux-x86_64-debian-clang 1.1.0 3.85 26.21 30.06 NOTE
r-devel-linux-x86_64-debian-gcc 1.1.0 2.60 20.14 22.74 NOTE
r-devel-linux-x86_64-fedora-clang 1.1.0 43.24 NOTE
r-devel-linux-x86_64-fedora-gcc 1.1.0 38.01 NOTE
r-devel-windows-x86_64 1.1.0 4.00 42.00 46.00 NOTE
r-patched-linux-x86_64 1.1.0 3.42 25.72 29.14 NOTE
r-release-linux-x86_64 1.1.0 3.26 26.13 29.39 NOTE
r-release-macos-arm64 1.1.0 15.00 NOTE
r-release-windows-x86_64 1.1.0 4.00 42.00 46.00 NOTE
r-oldrel-macos-arm64 1.1.0 18.00 NOTE
r-oldrel-macos-x86_64 1.1.0 35.00 NOTE
r-oldrel-windows-x86_64 1.1.0 5.00 43.00 48.00 NOTE

Check Details

Version: 1.1.0
Check: package dependencies
Result: NOTE Package suggested but not available for checking: ‘fdpbandsdata’ Flavors: r-devel-linux-x86_64-debian-clang, r-devel-linux-x86_64-debian-gcc, r-devel-linux-x86_64-fedora-clang, r-devel-linux-x86_64-fedora-gcc, r-devel-windows-x86_64, r-patched-linux-x86_64, r-release-linux-x86_64, r-release-macos-arm64, r-release-windows-x86_64, r-oldrel-macos-arm64, r-oldrel-macos-x86_64, r-oldrel-windows-x86_64