CRAN Package Check Results for Package base2grob

Last updated on 2021-05-15 23:49:05 CEST.

Flavor Version Tinstall Tcheck Ttotal Status Flags
r-devel-linux-x86_64-debian-clang 0.0.3 3.32 46.31 49.63 NOTE
r-devel-linux-x86_64-debian-gcc 0.0.3 2.99 34.64 37.63 NOTE
r-devel-linux-x86_64-fedora-clang 0.0.3 69.56 NOTE
r-devel-linux-x86_64-fedora-gcc 0.0.3 60.21 NOTE
r-devel-windows-ix86+x86_64 0.0.3 13.00 65.00 78.00 NOTE
r-devel-windows-x86_64-gcc10-UCRT 0.0.3 NOTE
r-patched-linux-x86_64 0.0.3 3.48 42.67 46.15 NOTE
r-patched-solaris-x86 0.0.3 89.60 NOTE
r-release-linux-x86_64 0.0.3 3.90 42.55 46.45 OK
r-release-macos-x86_64 0.0.3 OK
r-release-windows-ix86+x86_64 0.0.3 10.00 79.00 89.00 OK
r-oldrel-macos-x86_64 0.0.3 OK
r-oldrel-windows-ix86+x86_64 0.0.3 8.00 61.00 69.00 OK

Check Details

Version: 0.0.3
Check: LazyData
Result: NOTE
     'LazyData' is specified without a 'data' directory
Flavors: r-devel-linux-x86_64-debian-clang, r-devel-linux-x86_64-debian-gcc, r-devel-linux-x86_64-fedora-clang, r-devel-linux-x86_64-fedora-gcc, r-devel-windows-ix86+x86_64, r-devel-windows-x86_64-gcc10-UCRT, r-patched-linux-x86_64, r-patched-solaris-x86