CRAN Package Check Results for Package basicMCMCplots

Last updated on 2021-06-18 17:49:24 CEST.

Flavor Version Tinstall Tcheck Ttotal Status Flags
r-devel-linux-x86_64-debian-clang 0.2.6 2.14 23.01 25.15 NOTE
r-devel-linux-x86_64-debian-gcc 0.2.6 1.84 18.22 20.06 NOTE
r-devel-linux-x86_64-fedora-clang 0.2.6 39.65 NOTE
r-devel-linux-x86_64-fedora-gcc 0.2.6 29.28 NOTE
r-devel-windows-x86_64 0.2.6 4.00 34.00 38.00 NOTE
r-devel-windows-x86_64-gcc10-UCRT 0.2.6 NOTE
r-patched-linux-x86_64 0.2.6 2.31 22.34 24.65 NOTE
r-patched-solaris-x86 0.2.6 45.40 NOTE
r-release-linux-x86_64 0.2.6 2.07 22.61 24.68 NOTE
r-release-macos-arm64 0.2.6 NOTE
r-release-macos-x86_64 0.2.6 NOTE
r-release-windows-ix86+x86_64 0.2.6 6.00 25.00 31.00 NOTE
r-oldrel-macos-x86_64 0.2.6 OK
r-oldrel-windows-ix86+x86_64 0.2.6 4.00 25.00 29.00 OK

Check Details

Version: 0.2.6
Check: LazyData
Result: NOTE
     'LazyData' is specified without a 'data' directory
Flavors: r-devel-linux-x86_64-debian-clang, r-devel-linux-x86_64-debian-gcc, r-devel-linux-x86_64-fedora-clang, r-devel-linux-x86_64-fedora-gcc, r-devel-windows-x86_64, r-devel-windows-x86_64-gcc10-UCRT, r-patched-linux-x86_64, r-patched-solaris-x86, r-release-linux-x86_64, r-release-macos-arm64, r-release-macos-x86_64, r-release-windows-ix86+x86_64