CRAN Package Check Results for Package basket

Last updated on 2024-04-21 17:56:20 CEST.

Flavor Version Tinstall Tcheck Ttotal Status Flags
r-devel-linux-x86_64-debian-clang 0.10.11 12.00 242.74 254.74 NOTE
r-devel-linux-x86_64-debian-gcc 0.10.11 7.29 158.04 165.33 NOTE
r-devel-linux-x86_64-fedora-clang 0.10.11 308.12 NOTE
r-devel-linux-x86_64-fedora-gcc 0.10.11 304.89 NOTE
r-prerel-macos-arm64 0.10.11 73.00 NOTE
r-prerel-windows-x86_64 0.10.11 10.00 156.00 166.00 NOTE
r-patched-linux-x86_64 0.10.11 8.99 227.83 236.82 NOTE
r-release-linux-x86_64 0.10.11 7.45 236.55 244.00 OK
r-release-macos-arm64 0.10.11 83.00 OK
r-release-macos-x86_64 0.10.11 125.00 OK
r-release-windows-x86_64 0.10.11 12.00 213.00 225.00 OK
r-oldrel-macos-arm64 0.10.11 73.00 OK
r-oldrel-windows-x86_64 0.10.11 13.00 211.00 224.00 OK

Check Details

Version: 0.10.11
Check: Rd files
Result: NOTE checkRd: (-1) basket-package.Rd:22: Lost braces in \itemize; meant \describe ? checkRd: (-1) basket-package.Rd:23-24: Lost braces in \itemize; meant \describe ? checkRd: (-1) basket-package.Rd:25-26: Lost braces in \itemize; meant \describe ? checkRd: (-1) basket-package.Rd:27-28: Lost braces in \itemize; meant \describe ? checkRd: (-1) basket-package.Rd:29-30: Lost braces in \itemize; meant \describe ? checkRd: (-1) basket-package.Rd:31-32: Lost braces in \itemize; meant \describe ? checkRd: (-1) basket-package.Rd:33: Lost braces in \itemize; meant \describe ? checkRd: (-1) basket-package.Rd:34: Lost braces in \itemize; meant \describe ? checkRd: (-1) basket-package.Rd:35: Lost braces in \itemize; meant \describe ? checkRd: (-1) basket-package.Rd:36-37: Lost braces in \itemize; meant \describe ? checkRd: (-1) basket-package.Rd:38: Lost braces in \itemize; meant \describe ? checkRd: (-1) basket-package.Rd:39: Lost braces in \itemize; meant \describe ? checkRd: (-1) basket-package.Rd:40: Lost braces in \itemize; meant \describe ? checkRd: (-1) plot_map.Rd:26-30: Lost braces in \itemize; meant \describe ? checkRd: (-1) plot_map.Rd:31-32: Lost braces in \itemize; meant \describe ? checkRd: (-1) plot_map.Rd:33-34: Lost braces in \itemize; meant \describe ? checkRd: (-1) plot_map.Rd:35-36: Lost braces in \itemize; meant \describe ? checkRd: (-1) plot_map.Rd:37: Lost braces in \itemize; meant \describe ? checkRd: (-1) plot_map.Rd:38-39: Lost braces in \itemize; meant \describe ? checkRd: (-1) plot_map.Rd:40: Lost braces in \itemize; meant \describe ? checkRd: (-1) plot_map.Rd:41-42: Lost braces in \itemize; meant \describe ? checkRd: (-1) plot_map.Rd:43-44: Lost braces in \itemize; meant \describe ? checkRd: (-1) plot_pep.Rd:26-35: Lost braces in \itemize; meant \describe ? checkRd: (-1) plot_pep.Rd:31: Lost braces 31 | \item{[text_color]}{A text string setting the color of the exchangeability | ^ checkRd: (-1) plot_pep.Rd:31-32: Lost braces 31 | \item{[text_color]}{A text string setting the color of the exchangeability | ^ checkRd: (-1) plot_pep.Rd:33: Lost braces 33 | \item{[tile_color]}{A text string setting the color of the edges of the | ^ checkRd: (-1) plot_pep.Rd:33-34: Lost braces 33 | \item{[tile_color]}{A text string setting the color of the edges of the | ^ checkRd: (-1) plot_pep.Rd:36-37: Lost braces in \itemize; meant \describe ? checkRd: (-1) plot_pep.Rd:38: Lost braces in \itemize; meant \describe ? checkRd: (-1) plot_pep.Rd:39-40: Lost braces in \itemize; meant \describe ? checkRd: (-1) plot_pep.Rd:41: Lost braces in \itemize; meant \describe ? checkRd: (-1) plot_pep.Rd:42-43: Lost braces in \itemize; meant \describe ? checkRd: (-1) plot_pep.Rd:44-45: Lost braces in \itemize; meant \describe ? checkRd: (-1) vemu.Rd:20: Lost braces; missing escapes or markup? 20 | concluded that nonmelanoma tumor types harboring $BRAF^{V600}$ mutations | ^ Flavors: r-devel-linux-x86_64-debian-clang, r-devel-linux-x86_64-debian-gcc, r-devel-linux-x86_64-fedora-clang, r-devel-linux-x86_64-fedora-gcc, r-prerel-macos-arm64, r-prerel-windows-x86_64, r-patched-linux-x86_64