CRAN Package Check Results for Package baskexact

Last updated on 2024-06-13 11:48:04 CEST.

Flavor Version Tinstall Tcheck Ttotal Status Flags
r-devel-linux-x86_64-debian-clang 1.0.1 40.25 1007.86 1048.11 OK
r-devel-linux-x86_64-debian-gcc 1.0.1 0.32 1.70 2.02 ERROR
r-devel-linux-x86_64-fedora-clang 1.0.1 1305.58 NOTE
r-devel-linux-x86_64-fedora-gcc 1.0.1 1203.70 NOTE
r-devel-windows-x86_64 1.0.1 37.00 575.00 612.00 OK
r-patched-linux-x86_64 1.0.1 34.05 866.33 900.38 OK
r-release-linux-x86_64 1.0.1 34.06 859.32 893.38 OK
r-release-macos-arm64 1.0.1 248.00 OK
r-release-macos-x86_64 1.0.1 442.00 OK
r-release-windows-x86_64 1.0.1 39.00 582.00 621.00 OK
r-oldrel-macos-arm64 1.0.1 230.00 OK
r-oldrel-macos-x86_64 1.0.1 642.00 OK
r-oldrel-windows-x86_64 1.0.1 46.00 814.00 860.00 OK

Check Details

Version: 1.0.1
Check: package dependencies
Result: ERROR Package required but not available: ‘ggplot2’ Package suggested but not available for checking: ‘testthat’ See section ‘The DESCRIPTION file’ in the ‘Writing R Extensions’ manual. Flavor: r-devel-linux-x86_64-debian-gcc

Version: 1.0.1
Check: dependencies in R code
Result: NOTE Namespace in Imports field not imported from: ‘ggplot2’ All declared Imports should be used. Flavors: r-devel-linux-x86_64-fedora-clang, r-devel-linux-x86_64-fedora-gcc