CRAN Package Check Results for Package batchscr

Last updated on 2025-01-17 05:49:08 CET.

Flavor Version Tinstall Tcheck Ttotal Status Flags
r-devel-linux-x86_64-debian-clang 0.1.0 1.55 15.31 16.86 OK
r-devel-linux-x86_64-debian-gcc 0.1.0 1.28 12.59 13.87 OK
r-devel-linux-x86_64-fedora-clang 0.1.0 26.99 OK
r-devel-linux-x86_64-fedora-gcc 0.1.0 27.30 OK
r-devel-windows-x86_64 0.1.0 2.00 36.00 38.00 OK
r-patched-linux-x86_64 0.1.0 1.33 14.86 16.19 NOTE
r-release-linux-x86_64 0.1.0 1.47 14.91 16.38 NOTE
r-release-macos-arm64 0.1.0 13.00 NOTE
r-release-macos-x86_64 0.1.0 19.00 NOTE
r-release-windows-x86_64 0.1.0 2.00 33.00 35.00 NOTE
r-oldrel-macos-arm64 0.1.0 15.00 NOTE
r-oldrel-macos-x86_64 0.1.0 19.00 NOTE
r-oldrel-windows-x86_64 0.1.0 3.00 32.00 35.00 NOTE

Check Details

Version: 0.1.0
Check: LazyData
Result: NOTE 'LazyData' is specified without a 'data' directory Flavors: r-patched-linux-x86_64, r-release-linux-x86_64, r-release-macos-arm64, r-release-macos-x86_64, r-release-windows-x86_64, r-oldrel-macos-arm64, r-oldrel-macos-x86_64, r-oldrel-windows-x86_64