CRAN Package Check Results for Package batchscr

Last updated on 2024-05-20 11:56:06 CEST.

Flavor Version Tinstall Tcheck Ttotal Status Flags
r-devel-linux-x86_64-debian-clang 0.1.0 1.72 19.07 20.79 NOTE
r-devel-linux-x86_64-debian-gcc 0.1.0 1.42 15.17 16.59 NOTE
r-devel-linux-x86_64-fedora-clang 0.1.0 28.47 NOTE
r-devel-linux-x86_64-fedora-gcc 0.1.0 25.96 NOTE
r-devel-windows-x86_64 0.1.0 3.00 33.00 36.00 NOTE
r-patched-linux-x86_64 0.1.0 1.56 18.65 20.21 NOTE
r-release-linux-x86_64 0.1.0 1.61 19.29 20.90 NOTE
r-release-macos-arm64 0.1.0 13.00 NOTE
r-release-windows-x86_64 0.1.0 2.00 33.00 35.00 NOTE
r-oldrel-macos-arm64 0.1.0 15.00 NOTE
r-oldrel-macos-x86_64 0.1.0 19.00 NOTE
r-oldrel-windows-x86_64 0.1.0 3.00 32.00 35.00 NOTE

Check Details

Version: 0.1.0
Check: LazyData
Result: NOTE 'LazyData' is specified without a 'data' directory Flavors: r-devel-linux-x86_64-debian-clang, r-devel-linux-x86_64-debian-gcc, r-devel-linux-x86_64-fedora-clang, r-devel-linux-x86_64-fedora-gcc, r-devel-windows-x86_64, r-patched-linux-x86_64, r-release-linux-x86_64, r-release-macos-arm64, r-release-windows-x86_64, r-oldrel-macos-arm64, r-oldrel-macos-x86_64, r-oldrel-windows-x86_64