Last updated on 2023-03-22 05:52:20 CET.
Flavor | Version | Tinstall | Tcheck | Ttotal | Status | Flags |
---|---|---|---|---|---|---|
r-devel-linux-x86_64-debian-clang | 0.1.0 | 6.44 | 328.89 | 335.33 | OK | |
r-devel-linux-x86_64-debian-gcc | 0.1.0 | 5.89 | 247.98 | 253.87 | OK | |
r-devel-linux-x86_64-fedora-clang | 0.1.0 | 430.25 | NOTE | |||
r-devel-linux-x86_64-fedora-gcc | 0.1.0 | 402.74 | NOTE | |||
r-devel-windows-x86_64 | 0.1.0 | 28.00 | 350.00 | 378.00 | OK | |
r-patched-linux-x86_64 | 0.1.0 | 6.45 | 309.14 | 315.59 | OK | |
r-release-linux-x86_64 | 0.1.0 | 5.69 | 316.05 | 321.74 | OK | |
r-release-macos-arm64 | 0.1.0 | 97.00 | NOTE | |||
r-release-macos-x86_64 | 0.1.0 | 151.00 | NOTE | |||
r-release-windows-x86_64 | 0.1.0 | 29.00 | 370.00 | 399.00 | OK | |
r-oldrel-macos-arm64 | 0.1.0 | 90.00 | NOTE | |||
r-oldrel-macos-x86_64 | 0.1.0 | 105.00 | NOTE | |||
r-oldrel-windows-ix86+x86_64 | 0.1.0 | 18.00 | 383.00 | 401.00 | OK |
Version: 0.1.0
Check: dependencies in R code
Result: NOTE
Namespace in Imports field not imported from: ‘vtable’
All declared Imports should be used.
Flavors: r-devel-linux-x86_64-fedora-clang, r-devel-linux-x86_64-fedora-gcc, r-release-macos-arm64, r-release-macos-x86_64, r-oldrel-macos-arm64, r-oldrel-macos-x86_64