CRAN Package Check Results for Package bayes4psy

Last updated on 2022-10-07 17:51:55 CEST.

Flavor Version Tinstall Tcheck Ttotal Status Flags
r-devel-linux-x86_64-debian-clang 1.2.8 560.51 346.19 906.70 NOTE
r-devel-linux-x86_64-debian-gcc 1.2.8 504.19 259.44 763.63 NOTE
r-devel-linux-x86_64-fedora-clang 1.2.8 1112.25 NOTE
r-devel-linux-x86_64-fedora-gcc 1.2.8 1343.64 NOTE
r-devel-windows-x86_64 1.2.8 1140.00 469.00 1609.00 NOTE
r-patched-linux-x86_64 1.2.8 0.02 4.10 4.12 ERROR
r-release-linux-x86_64 1.2.8 409.79 352.50 762.29 NOTE
r-release-macos-arm64 1.2.8 328.00 NOTE
r-release-macos-x86_64 1.2.8 527.00 NOTE
r-release-windows-x86_64 1.2.8 1134.00 450.00 1584.00 NOTE
r-oldrel-macos-arm64 1.2.8 350.00 NOTE
r-oldrel-macos-x86_64 1.2.8 403.00 NOTE
r-oldrel-windows-ix86+x86_64 1.2.8 649.00 451.00 1100.00 NOTE

Check Details

Version: 1.2.8
Check: for GNU extensions in Makefiles
Result: NOTE
    GNU make is a SystemRequirements.
Flavors: r-devel-linux-x86_64-debian-clang, r-devel-linux-x86_64-debian-gcc, r-devel-linux-x86_64-fedora-clang, r-devel-linux-x86_64-fedora-gcc, r-devel-windows-x86_64, r-release-linux-x86_64, r-release-macos-arm64, r-release-macos-x86_64, r-release-windows-x86_64, r-oldrel-macos-arm64, r-oldrel-macos-x86_64, r-oldrel-windows-ix86+x86_64

Version: 1.2.8
Check: installed package size
Result: NOTE
     installed size is 7.6Mb
     sub-directories of 1Mb or more:
     libs 5.6Mb
Flavors: r-devel-linux-x86_64-fedora-clang, r-devel-windows-x86_64, r-release-macos-arm64, r-release-macos-x86_64, r-release-windows-x86_64, r-oldrel-macos-arm64, r-oldrel-macos-x86_64, r-oldrel-windows-ix86+x86_64

Version: 1.2.8
Check: dependencies in R code
Result: NOTE
    Namespaces in Imports field not imported from:
     ‘scales’ ‘utils’
     All declared Imports should be used.
Flavors: r-devel-linux-x86_64-fedora-clang, r-devel-linux-x86_64-fedora-gcc, r-release-macos-arm64, r-release-macos-x86_64, r-oldrel-macos-arm64, r-oldrel-macos-x86_64

Version: 1.2.8
Check: whether package can be installed
Result: ERROR
    Installation failed.
Flavor: r-patched-linux-x86_64