Last updated on 2024-08-16 11:49:36 CEST.
Flavor | Version | Tinstall | Tcheck | Ttotal | Status | Flags |
---|---|---|---|---|---|---|
r-devel-linux-x86_64-debian-clang | 0.1.4 | 2.96 | 89.08 | 92.04 | OK | |
r-devel-linux-x86_64-debian-gcc | 0.1.4 | 2.30 | 93.63 | 95.93 | OK | |
r-devel-linux-x86_64-fedora-clang | 0.1.4 | 165.16 | OK | |||
r-devel-linux-x86_64-fedora-gcc | 0.1.4 | 175.79 | OK | |||
r-devel-windows-x86_64 | 0.1.4 | 5.00 | 138.00 | 143.00 | OK | |
r-patched-linux-x86_64 | 0.1.4 | 3.28 | 108.40 | 111.68 | OK | |
r-release-linux-x86_64 | 0.1.4 | 3.29 | 107.19 | 110.48 | OK | |
r-release-macos-arm64 | 0.1.4 | 49.00 | OK | |||
r-release-macos-x86_64 | 0.1.4 | 90.00 | OK | |||
r-release-windows-x86_64 | 0.1.4 | 5.00 | 136.00 | 141.00 | OK | |
r-oldrel-macos-arm64 | 0.1.4 | 83.00 | NOTE | |||
r-oldrel-macos-x86_64 | 0.1.4 | 160.00 | NOTE | |||
r-oldrel-windows-x86_64 | 0.1.4 | 5.00 | 148.00 | 153.00 | NOTE |
Version: 0.1.4
Check: for unstated dependencies in vignettes
Result: NOTE
'library' or 'require' call not declared from: ‘x’
Flavors: r-oldrel-macos-arm64, r-oldrel-macos-x86_64, r-oldrel-windows-x86_64