Last updated on 2024-04-19 11:56:39 CEST.
Flavor | Version | Tinstall | Tcheck | Ttotal | Status | Flags |
---|---|---|---|---|---|---|
r-devel-linux-x86_64-debian-clang | 0.1.3 | 222.12 | 31.73 | 253.85 | NOTE | |
r-devel-linux-x86_64-debian-gcc | 0.1.3 | NOTE | ||||
r-devel-linux-x86_64-fedora-clang | 0.1.3 | 391.55 | NOTE | |||
r-devel-linux-x86_64-fedora-gcc | 0.1.3 | 382.49 | NOTE | |||
r-prerel-macos-arm64 | 0.1.3 | 62.00 | NOTE | |||
r-prerel-windows-x86_64 | 0.1.3 | 163.00 | 71.00 | 234.00 | NOTE | |
r-patched-linux-x86_64 | 0.1.3 | 211.54 | 29.85 | 241.39 | NOTE | |
r-release-linux-x86_64 | 0.1.3 | 222.67 | 31.02 | 253.69 | NOTE | |
r-release-macos-arm64 | 0.1.3 | 79.00 | NOTE | |||
r-release-macos-x86_64 | 0.1.3 | 138.00 | NOTE | |||
r-release-windows-x86_64 | 0.1.3 | 191.00 | 74.00 | 265.00 | NOTE | |
r-oldrel-macos-arm64 | 0.1.3 | 70.00 | NOTE | |||
r-oldrel-windows-x86_64 | 0.1.3 | 202.00 | 74.00 | 276.00 | OK |
Version: 0.1.3
Check: C++ specification
Result: NOTE
Specified C++11: please drop specification unless essential
Flavors: r-devel-linux-x86_64-debian-clang, r-devel-linux-x86_64-debian-gcc, r-devel-linux-x86_64-fedora-clang, r-devel-linux-x86_64-fedora-gcc, r-prerel-macos-arm64, r-prerel-windows-x86_64, r-patched-linux-x86_64, r-release-linux-x86_64, r-release-macos-arm64, r-release-macos-x86_64, r-release-windows-x86_64
Version: 0.1.3
Check: installed package size
Result: NOTE
installed size is 6.0Mb
sub-directories of 1Mb or more:
libs 5.9Mb
Flavors: r-prerel-macos-arm64, r-release-macos-arm64, r-release-macos-x86_64, r-oldrel-macos-arm64