Last updated on 2023-03-30 13:51:35 CEST.
Flavor | Version | Tinstall | Tcheck | Ttotal | Status | Flags |
---|---|---|---|---|---|---|
r-devel-linux-x86_64-debian-clang | 0.0.2 | 18.22 | 263.91 | 282.13 | NOTE | |
r-devel-linux-x86_64-debian-gcc | 0.0.2 | 14.46 | 194.12 | 208.58 | NOTE | |
r-devel-linux-x86_64-fedora-clang | 0.0.2 | 383.07 | NOTE | |||
r-devel-linux-x86_64-fedora-gcc | 0.0.2 | 375.41 | NOTE | |||
r-devel-windows-x86_64 | 0.0.2 | 79.00 | 307.00 | 386.00 | NOTE | |
r-patched-linux-x86_64 | 0.0.2 | 18.70 | 248.32 | 267.02 | NOTE | |
r-release-linux-x86_64 | 0.0.2 | 23.15 | 250.33 | 273.48 | OK | |
r-release-macos-arm64 | 0.0.2 | 91.00 | NOTE | |||
r-release-macos-x86_64 | 0.0.2 | 158.00 | NOTE | |||
r-release-windows-x86_64 | 0.0.2 | 37.00 | 293.00 | 330.00 | OK | |
r-oldrel-macos-arm64 | 0.0.2 | 98.00 | NOTE | |||
r-oldrel-macos-x86_64 | 0.0.2 | 124.00 | NOTE | |||
r-oldrel-windows-ix86+x86_64 | 0.0.2 | 40.00 | 287.00 | 327.00 | OK |
Version: 0.0.2
Check: package subdirectories
Result: NOTE
Problems with news in ‘NEWS.md’:
No news entries found.
Flavors: r-devel-linux-x86_64-debian-clang, r-devel-linux-x86_64-debian-gcc, r-devel-linux-x86_64-fedora-clang, r-devel-linux-x86_64-fedora-gcc, r-devel-windows-x86_64, r-patched-linux-x86_64
Version: 0.0.2
Check: Rd files
Result: NOTE
checkRd: (-1) pulse_of_the_nation.Rd:10: Escaped LaTeX specials: \$
Flavors: r-devel-linux-x86_64-debian-clang, r-devel-linux-x86_64-debian-gcc, r-devel-linux-x86_64-fedora-clang, r-devel-linux-x86_64-fedora-gcc, r-devel-windows-x86_64, r-patched-linux-x86_64
Version: 0.0.2
Check: data for non-ASCII characters
Result: NOTE
Note: found 1924 marked UTF-8 strings
Flavors: r-devel-linux-x86_64-fedora-clang, r-devel-linux-x86_64-fedora-gcc, r-release-macos-arm64, r-release-macos-x86_64, r-oldrel-macos-arm64, r-oldrel-macos-x86_64