CRAN Package Check Results for Package baygel

Last updated on 2024-04-23 23:55:53 CEST.

Flavor Version Tinstall Tcheck Ttotal Status Flags
r-devel-linux-x86_64-debian-clang 0.3.0 164.66 32.53 197.19 OK
r-devel-linux-x86_64-debian-gcc 0.3.0 132.26 23.51 155.77 OK
r-devel-linux-x86_64-fedora-clang 0.3.0 305.19 OK
r-devel-linux-x86_64-fedora-gcc 0.3.0 305.53 OK
r-prerel-macos-arm64 0.3.0 55.00 NOTE
r-prerel-windows-x86_64 0.3.0 127.00 70.00 197.00 OK
r-patched-linux-x86_64 0.3.0 162.29 29.40 191.69 OK
r-release-linux-x86_64 0.3.0 158.41 30.07 188.48 OK
r-release-macos-arm64 0.3.0 61.00 NOTE
r-release-macos-x86_64 0.3.0 82.00 NOTE
r-release-windows-x86_64 0.3.0 160.00 77.00 237.00 OK
r-oldrel-macos-arm64 0.3.0 61.00 NOTE
r-oldrel-windows-x86_64 0.3.0 156.00 74.00 230.00 OK

Check Details

Version: 0.3.0
Check: installed package size
Result: NOTE installed size is 5.4Mb sub-directories of 1Mb or more: libs 5.3Mb Flavors: r-prerel-macos-arm64, r-release-macos-arm64, r-release-macos-x86_64, r-oldrel-macos-arm64