Last updated on 2024-08-16 11:49:36 CEST.
Flavor | Version | Tinstall | Tcheck | Ttotal | Status | Flags |
---|---|---|---|---|---|---|
r-devel-linux-x86_64-debian-clang | 0.1.0 | 9.70 | 83.04 | 92.74 | OK | |
r-devel-linux-x86_64-debian-gcc | 0.1.0 | 7.40 | 60.64 | 68.04 | OK | |
r-devel-linux-x86_64-fedora-clang | 0.1.0 | 152.73 | NOTE | |||
r-devel-linux-x86_64-fedora-gcc | 0.1.0 | 145.82 | NOTE | |||
r-devel-windows-x86_64 | 0.1.0 | 11.00 | 95.00 | 106.00 | OK | |
r-patched-linux-x86_64 | 0.1.0 | 10.63 | 79.18 | 89.81 | OK | |
r-release-linux-x86_64 | 0.1.0 | 10.22 | 79.26 | 89.48 | OK | |
r-release-macos-arm64 | 0.1.0 | 45.00 | OK | |||
r-release-macos-x86_64 | 0.1.0 | 193.00 | OK | |||
r-release-windows-x86_64 | 0.1.0 | 11.00 | 91.00 | 102.00 | OK | |
r-oldrel-macos-arm64 | 0.1.0 | 48.00 | OK | |||
r-oldrel-macos-x86_64 | 0.1.0 | 77.00 | OK | |||
r-oldrel-windows-x86_64 | 0.1.0 | 15.00 | 114.00 | 129.00 | OK |
Version: 0.1.0
Check: dependencies in R code
Result: NOTE
Namespaces in Imports field not imported from:
‘ggfortify’ ‘ggplot2’ ‘matrixStats’ ‘reshape2’ ‘scales’
All declared Imports should be used.
Flavors: r-devel-linux-x86_64-fedora-clang, r-devel-linux-x86_64-fedora-gcc