CRAN Package Check Results for Package bbemkr

Last updated on 2019-07-16 05:48:05 CEST.

Flavor Version Tinstall Tcheck Ttotal Status Flags
r-devel-linux-x86_64-debian-clang 2.0 3.57 36.59 40.16 NOTE
r-devel-linux-x86_64-debian-gcc 2.0 3.16 29.54 32.70 NOTE
r-devel-linux-x86_64-fedora-clang 2.0 52.24 NOTE
r-devel-linux-x86_64-fedora-gcc 2.0 49.50 NOTE
r-devel-windows-ix86+x86_64 2.0 10.00 57.00 67.00 NOTE
r-patched-linux-x86_64 2.0 3.86 36.56 40.42 NOTE
r-patched-solaris-x86 2.0 69.90 NOTE
r-release-linux-x86_64 2.0 3.18 36.43 39.61 NOTE
r-release-windows-ix86+x86_64 2.0 8.00 79.00 87.00 NOTE
r-release-osx-x86_64 2.0 NOTE
r-oldrel-windows-ix86+x86_64 2.0 9.00 53.00 62.00 NOTE
r-oldrel-osx-x86_64 2.0 NOTE

Check Details

Version: 2.0
Check: DESCRIPTION meta-information
Result: NOTE
    Malformed Description field: should contain one or more complete sentences.
Flavors: r-devel-linux-x86_64-debian-clang, r-devel-linux-x86_64-debian-gcc, r-devel-linux-x86_64-fedora-clang, r-devel-linux-x86_64-fedora-gcc, r-devel-windows-ix86+x86_64, r-patched-linux-x86_64, r-patched-solaris-x86, r-release-linux-x86_64, r-release-windows-ix86+x86_64, r-release-osx-x86_64, r-oldrel-windows-ix86+x86_64, r-oldrel-osx-x86_64

Version: 2.0
Check: R code for possible problems
Result: NOTE
    LaplaceMetropolis_admkr: no visible binding for global variable
     'median'
    LaplaceMetropolis_admkr: no visible global function definition for
     'mad'
    LaplaceMetropolis_gaussian: no visible binding for global variable
     'median'
    LaplaceMetropolis_gaussian: no visible global function definition for
     'mad'
    cost_admkr: no visible global function definition for 'sd'
    cov_chol: no visible global function definition for 'qchisq'
    cov_chol_admkr: no visible global function definition for 'qchisq'
    gibbs_admkr_erro: no visible global function definition for 'rnorm'
    gibbs_admkr_erro: no visible global function definition for 'runif'
    gibbs_admkr_nw: no visible global function definition for 'qnorm'
    gibbs_admkr_nw: no visible global function definition for 'rnorm'
    gibbs_admkr_nw: no visible global function definition for 'runif'
    loglikelihood_admkr: no visible global function definition for 'sd'
    margin_like_admkr: no visible global function definition for 'sd'
    np_gibbs: no visible global function definition for 'qnorm'
    np_gibbs: no visible global function definition for 'rnorm'
    np_gibbs: no visible global function definition for 'runif'
    np_gibbs: no visible global function definition for 'rgamma'
    Undefined global functions or variables:
     mad median qchisq qnorm rgamma rnorm runif sd
    Consider adding
     importFrom("stats", "mad", "median", "qchisq", "qnorm", "rgamma",
     "rnorm", "runif", "sd")
    to your NAMESPACE file.
Flavors: r-devel-linux-x86_64-debian-clang, r-devel-linux-x86_64-debian-gcc, r-devel-linux-x86_64-fedora-clang, r-devel-linux-x86_64-fedora-gcc, r-devel-windows-ix86+x86_64, r-patched-linux-x86_64, r-patched-solaris-x86, r-release-linux-x86_64, r-release-windows-ix86+x86_64, r-release-osx-x86_64, r-oldrel-windows-ix86+x86_64, r-oldrel-osx-x86_64