Last updated on 2019-02-22 00:01:02 CET.
Flavor | Version | Tinstall | Tcheck | Ttotal | Status | Flags |
---|---|---|---|---|---|---|
r-devel-linux-x86_64-debian-clang | 2.0 | 3.69 | 34.41 | 38.10 | NOTE | |
r-devel-linux-x86_64-debian-gcc | 2.0 | 2.42 | 29.38 | 31.80 | NOTE | |
r-devel-linux-x86_64-fedora-clang | 2.0 | 52.77 | NOTE | |||
r-devel-linux-x86_64-fedora-gcc | 2.0 | 49.47 | NOTE | |||
r-devel-windows-ix86+x86_64 | 2.0 | 9.00 | 79.00 | 88.00 | NOTE | |
r-patched-linux-x86_64 | 2.0 | 2.48 | 34.92 | 37.40 | NOTE | |
r-patched-solaris-x86 | 2.0 | 62.80 | NOTE | |||
r-release-linux-x86_64 | 2.0 | NOTE | ||||
r-release-windows-ix86+x86_64 | 2.0 | 6.00 | 71.00 | 77.00 | NOTE | |
r-release-osx-x86_64 | 2.0 | NOTE | ||||
r-oldrel-windows-ix86+x86_64 | 2.0 | 5.00 | 88.00 | 93.00 | NOTE | |
r-oldrel-osx-x86_64 | 2.0 | WARN |
Version: 2.0
Check: DESCRIPTION meta-information
Result: NOTE
Malformed Description field: should contain one or more complete sentences.
Flavors: r-devel-linux-x86_64-debian-clang, r-devel-linux-x86_64-debian-gcc, r-devel-linux-x86_64-fedora-clang, r-devel-linux-x86_64-fedora-gcc, r-devel-windows-ix86+x86_64, r-patched-linux-x86_64, r-patched-solaris-x86, r-release-linux-x86_64, r-release-windows-ix86+x86_64, r-release-osx-x86_64, r-oldrel-windows-ix86+x86_64, r-oldrel-osx-x86_64
Version: 2.0
Check: R code for possible problems
Result: NOTE
LaplaceMetropolis_admkr: no visible binding for global variable
‘median’
LaplaceMetropolis_admkr: no visible global function definition for
‘mad’
LaplaceMetropolis_gaussian: no visible binding for global variable
‘median’
LaplaceMetropolis_gaussian: no visible global function definition for
‘mad’
cost_admkr: no visible global function definition for ‘sd’
cov_chol: no visible global function definition for ‘qchisq’
cov_chol_admkr: no visible global function definition for ‘qchisq’
gibbs_admkr_erro: no visible global function definition for ‘rnorm’
gibbs_admkr_erro: no visible global function definition for ‘runif’
gibbs_admkr_nw: no visible global function definition for ‘qnorm’
gibbs_admkr_nw: no visible global function definition for ‘rnorm’
gibbs_admkr_nw: no visible global function definition for ‘runif’
loglikelihood_admkr: no visible global function definition for ‘sd’
margin_like_admkr: no visible global function definition for ‘sd’
np_gibbs: no visible global function definition for ‘qnorm’
np_gibbs: no visible global function definition for ‘rnorm’
np_gibbs: no visible global function definition for ‘runif’
np_gibbs: no visible global function definition for ‘rgamma’
Undefined global functions or variables:
mad median qchisq qnorm rgamma rnorm runif sd
Consider adding
importFrom("stats", "mad", "median", "qchisq", "qnorm", "rgamma",
"rnorm", "runif", "sd")
to your NAMESPACE file.
Flavors: r-devel-linux-x86_64-debian-clang, r-devel-linux-x86_64-debian-gcc, r-devel-linux-x86_64-fedora-clang, r-devel-linux-x86_64-fedora-gcc, r-devel-windows-ix86+x86_64, r-patched-linux-x86_64, r-patched-solaris-x86, r-release-linux-x86_64, r-release-windows-ix86+x86_64, r-release-osx-x86_64, r-oldrel-windows-ix86+x86_64, r-oldrel-osx-x86_64
Version: 2.0
Check: re-building of vignette outputs
Result: WARN
Error in re-building vignettes:
...
Error in texi2dvi(file = file, pdf = TRUE, clean = clean, quiet = quiet, :
Running 'texi2dvi' on 'bbemkr.tex' failed.
LaTeX errors:
! LaTeX Error: File `bbm.sty' not found.
Type X to quit or <RETURN> to proceed,
or enter new name. (Default extension: sty)
! Emergency stop.
<read *>
l.8 \usepackage
[utf8]{inputenc}^^M
! ==> Fatal error occurred, no output PDF file produced!
Calls: buildVignettes -> texi2pdf -> texi2dvi
Execution halted
Flavor: r-oldrel-osx-x86_64