Last updated on 2023-12-11 05:51:44 CET.
Flavor | Version | Tinstall | Tcheck | Ttotal | Status | Flags |
---|---|---|---|---|---|---|
r-devel-linux-x86_64-debian-clang | 1.1.0 | 51.83 | 278.97 | 330.80 | OK | |
r-devel-linux-x86_64-debian-gcc | 1.1.0 | 37.46 | 205.78 | 243.24 | OK | |
r-devel-linux-x86_64-fedora-clang | 1.1.0 | 456.06 | OK | |||
r-devel-linux-x86_64-fedora-gcc | 1.1.0 | 453.19 | OK | |||
r-devel-windows-x86_64 | 1.1.0 | 47.00 | 206.00 | 253.00 | OK | |
r-patched-linux-x86_64 | 1.1.0 | 43.29 | 270.15 | 313.44 | OK | |
r-release-linux-x86_64 | 1.1.0 | 41.61 | 269.29 | 310.90 | OK | |
r-release-macos-arm64 | 1.1.0 | 118.00 | OK | |||
r-release-macos-x86_64 | 1.1.0 | 429.00 | NOTE | |||
r-release-windows-x86_64 | 1.1.0 | 61.00 | 266.00 | 327.00 | OK | |
r-oldrel-macos-arm64 | 1.1.0 | 112.00 | OK | |||
r-oldrel-macos-x86_64 | 1.0.2 | 138.00 | OK | |||
r-oldrel-windows-x86_64 | 1.1.0 | 60.00 | 271.00 | 331.00 | OK |
Version: 1.1.0
Check: installed package size
Result: NOTE
installed size is 5.4Mb
sub-directories of 1Mb or more:
data 4.0Mb
Flavor: r-release-macos-x86_64