CRAN Package Check Results for Package bcfrailphdv

Last updated on 2022-09-27 11:51:08 CEST.

Flavor Version Tinstall Tcheck Ttotal Status Flags
r-devel-linux-x86_64-debian-clang 0.1.0 23.96 142.85 166.81 NOTE
r-devel-linux-x86_64-debian-gcc 0.1.0 18.50 104.29 122.79 NOTE
r-devel-linux-x86_64-fedora-clang 0.1.0 220.48 NOTE
r-devel-linux-x86_64-fedora-gcc 0.1.0 218.19 NOTE
r-devel-windows-x86_64 0.1.0 37.00 148.00 185.00 NOTE
r-patched-linux-x86_64 0.1.0 18.43 136.20 154.63 NOTE
r-release-linux-x86_64 0.1.0 19.15 139.39 158.54 NOTE
r-release-macos-arm64 0.1.0 52.00 NOTE
r-release-macos-x86_64 0.1.0 73.00 NOTE
r-release-windows-x86_64 0.1.0 40.00 158.00 198.00 NOTE
r-oldrel-macos-arm64 0.1.0 65.00 NOTE
r-oldrel-macos-x86_64 0.1.0 96.00 NOTE
r-oldrel-windows-ix86+x86_64 0.1.0 36.00 162.00 198.00 NOTE

Additional issues

donttest

Check Details

Version: 0.1.0
Check: LazyData
Result: NOTE
     'LazyData' is specified without a 'data' directory
Flavors: r-devel-linux-x86_64-debian-clang, r-devel-linux-x86_64-debian-gcc, r-devel-linux-x86_64-fedora-clang, r-devel-linux-x86_64-fedora-gcc, r-devel-windows-x86_64, r-patched-linux-x86_64, r-release-linux-x86_64, r-release-macos-arm64, r-release-macos-x86_64, r-release-windows-x86_64, r-oldrel-macos-arm64, r-oldrel-macos-x86_64, r-oldrel-windows-ix86+x86_64