CRAN Package Check Results for Package bdpar

Last updated on 2024-06-18 23:49:23 CEST.

Flavor Version Tinstall Tcheck Ttotal Status Flags
r-devel-linux-x86_64-debian-clang 3.1.0 36.63 87.63 124.26 OK
r-devel-linux-x86_64-debian-gcc 3.1.0 25.22 65.09 90.31 OK
r-devel-linux-x86_64-fedora-clang 3.1.0 151.84 NOTE
r-devel-linux-x86_64-fedora-gcc 3.1.0 156.94 NOTE
r-devel-windows-x86_64 3.1.0 25.00 95.00 120.00 OK
r-patched-linux-x86_64 3.1.0 32.76 81.16 113.92 OK
r-release-linux-x86_64 3.1.0 29.47 82.30 111.77 OK
r-release-macos-arm64 3.1.0 51.00 OK
r-release-macos-x86_64 3.1.0 128.00 OK
r-release-windows-x86_64 3.1.0 25.00 94.00 119.00 OK
r-oldrel-macos-arm64 3.1.0 81.00 OK
r-oldrel-macos-x86_64 3.1.0 171.00 OK
r-oldrel-windows-x86_64 3.1.0 24.00 110.00 134.00 OK

Check Details

Version: 3.1.0
Check: data for non-ASCII characters
Result: NOTE Note: found 2666 marked UTF-8 strings Flavors: r-devel-linux-x86_64-fedora-clang, r-devel-linux-x86_64-fedora-gcc